{"id":12,"date":"2021-02-18T18:52:25","date_gmt":"2021-02-18T17:52:25","guid":{"rendered":"https:\/\/tfk-berlin.de\/neu\/?page_id=12"},"modified":"2025-01-11T00:11:31","modified_gmt":"2025-01-10T23:11:31","slug":"presse","status":"publish","type":"page","link":"https:\/\/tfk-berlin.de\/?page_id=12","title":{"rendered":"Die St\u00fccke"},"content":{"rendered":"\n<p><a href=\"https:\/\/tfk-berlin.de\/?page_id=6084\" title=\"Aria da capo\">Aria da capo<\/a> <em>(2025)<\/em><\/p>\n\n\n\n<p><a href=\"https:\/\/tfk-berlin.de\/?page_id=4603\" title=\"PLUTOS \u2013 der Reichtum\">PLUTOS &#8211; der Reichtum<\/a> <em>(2023)<\/em><\/p>\n\n\n\n<p><a href=\"https:\/\/tfk-berlin.de\/?page_id=2891\" title=\"Luther, der Kardinal und die Daten\">Luther, der Kardinal und die Daten<\/a> <em>(2022)<\/em><\/p>\n\n\n\n<p><a href=\"https:\/\/tfk-berlin.de\/?page_id=2889\" title=\"Die Riesen vom Berge\">Die Riesen vom Berge<\/a> <em>(2022)<\/em><\/p>\n\n\n\n<p><a href=\"https:\/\/tfk-berlin.de\/neu\/?page_id=89\" data-type=\"page\" data-id=\"89\">Die V\u00f6gel<\/a> <em>(2020)<\/em><\/p>\n\n\n\n<p><a href=\"https:\/\/tfk-berlin.de\/neu\/?page_id=94\" data-type=\"page\" data-id=\"94\">Die verkehrte Welt<\/a> <em>(2018)<\/em><\/p>\n\n\n\n<p><a href=\"https:\/\/tfk-berlin.de\/neu\/?page_id=97\" data-type=\"page\" data-id=\"97\">Sprichw\u00f6rterabend<\/a> <em>(2017)<\/em><\/p>\n\n\n\n<p><a href=\"https:\/\/tfk-berlin.de\/neu\/?page_id=100\" data-type=\"page\" data-id=\"100\">Eurydike<\/a> <em>(2015)<\/em><\/p>\n\n\n\n<p><a href=\"https:\/\/tfk-berlin.de\/neu\/?page_id=102\" data-type=\"page\" data-id=\"102\">Der Auswanderer<\/a> <em>(2014)<\/em><\/p>\n\n\n\n<p><a href=\"https:\/\/tfk-berlin.de\/neu\/?page_id=104\" data-type=\"page\" data-id=\"104\">Wolf im Korb<\/a> <em>(2013)<\/em><\/p>\n\n\n\n<p><a href=\"https:\/\/tfk-berlin.de\/neu\/?page_id=106\" data-type=\"page\" data-id=\"106\">Ist er gut? Ist er b\u00f6se?<\/a> <em>(2012)<\/em><\/p>\n\n\n\n<p><a href=\"https:\/\/tfk-berlin.de\/neu\/?page_id=108\" data-type=\"page\" data-id=\"108\">JAKOB oder die Unterwerfung<\/a> <em>(2010)<\/em><\/p>\n\n\n\n<p><a href=\"https:\/\/tfk-berlin.de\/neu\/?page_id=110\" data-type=\"page\" data-id=\"110\">Hunger und Durst<\/a> <em>(2009)<\/em><\/p>\n\n\n\n<p><a href=\"https:\/\/tfk-berlin.de\/neu\/?page_id=112\" data-type=\"page\" data-id=\"112\">Leinwandmesser<\/a> <em>(2008)<\/em><\/p>\n\n\n\n<p><a href=\"https:\/\/tfk-berlin.de\/neu\/?page_id=114\" data-type=\"page\" data-id=\"114\">Fu\u00dfg\u00e4nger der Luft<\/a> <em>(2007)<\/em><\/p>\n\n\n\n<p><a href=\"https:\/\/tfk-berlin.de\/neu\/?page_id=116\" data-type=\"page\" data-id=\"116\">Allergie<\/a> <em>(2006)<\/em><\/p>\n\n\n\n<p><a href=\"https:\/\/tfk-berlin.de\/neu\/?page_id=118\" data-type=\"page\" data-id=\"118\">Triumph des Todes<\/a> <em>(2005)<\/em><\/p>\n\n\n\n<p><a href=\"https:\/\/tfk-berlin.de\/neu\/?page_id=120\" data-type=\"page\" data-id=\"120\">Das blaue Ungeheuer<\/a> <em>(2004)<\/em><\/p>\n\n\n\n<p><a href=\"https:\/\/tfk-berlin.de\/neu\/?page_id=122\" data-type=\"page\" data-id=\"122\">Das Hotel<\/a> <em>(2003)<\/em><\/p>\n\n\n\n<p><a href=\"https:\/\/tfk-berlin.de\/neu\/?page_id=124\" data-type=\"page\" data-id=\"124\">Die Ballade vom gro\u00dfen Makabren<\/a> <em>(2002)<\/em><\/p>\n\n\n\n<p><a href=\"https:\/\/tfk-berlin.de\/neu\/?page_id=126\" data-type=\"page\" data-id=\"126\">Das ABC des Lebens<\/a> <em>(2001)<\/em><\/p>\n\n\n\n<p><a href=\"https:\/\/tfk-berlin.de\/neu\/?page_id=128\" data-type=\"page\" data-id=\"128\">Die Kleider<\/a> <em>(1999)<\/em><\/p>\n","protected":false},"excerpt":{"rendered":"<p>Aria da capo (2025) PLUTOS &#8211; der Reichtum (2023) Luther, der Kardinal und die Daten (2022) Die Riesen vom Berge (2022) Die V\u00f6gel (2020) Die verkehrte Welt (2018) Sprichw\u00f6rterabend (2017) Eurydike (2015) Der Auswanderer (2014) Wolf im Korb (2013) Ist er gut? Ist er b\u00f6se? (2012) JAKOB oder die Unterwerfung (2010) Hunger und Durst (2009) [&hellip;]<\/p>\n","protected":false},"author":1,"featured_media":0,"parent":0,"menu_order":0,"comment_status":"closed","ping_status":"closed","template":"","meta":{"site-sidebar-layout":"default","site-content-layout":"","ast-site-content-layout":"default","site-content-style":"default","site-sidebar-style":"default","ast-global-header-display":"","ast-banner-title-visibility":"","ast-main-header-display":"","ast-hfb-above-header-display":"","ast-hfb-below-header-display":"","ast-hfb-mobile-header-display":"","site-post-title":"","ast-breadcrumbs-content":"","ast-featured-img":"","footer-sml-layout":"","ast-disable-related-posts":"","theme-transparent-header-meta":"","adv-header-id-meta":"","stick-header-meta":"","header-above-stick-meta":"","header-main-stick-meta":"","header-below-stick-meta":"","astra-migrate-meta-layouts":"set","ast-page-background-enabled":"default","ast-page-background-meta":{"desktop":{"background-color":"","background-image":"","background-repeat":"repeat","background-position":"center center","background-size":"auto","background-attachment":"scroll","background-type":"","background-media":"","overlay-type":"","overlay-color":"","overlay-opacity":"","overlay-gradient":""},"tablet":{"background-color":"","background-image":"","background-repeat":"repeat","background-position":"center center","background-size":"auto","background-attachment":"scroll","background-type":"","background-media":"","overlay-type":"","overlay-color":"","overlay-opacity":"","overlay-gradient":""},"mobile":{"background-color":"","background-image":"","background-repeat":"repeat","background-position":"center center","background-size":"auto","background-attachment":"scroll","background-type":"","background-media":"","overlay-type":"","overlay-color":"","overlay-opacity":"","overlay-gradient":""}},"ast-content-background-meta":{"desktop":{"background-color":"var(--ast-global-color-5)","background-image":"","background-repeat":"repeat","background-position":"center center","background-size":"auto","background-attachment":"scroll","background-type":"","background-media":"","overlay-type":"","overlay-color":"","overlay-opacity":"","overlay-gradient":""},"tablet":{"background-color":"var(--ast-global-color-5)","background-image":"","background-repeat":"repeat","background-position":"center center","background-size":"auto","background-attachment":"scroll","background-type":"","background-media":"","overlay-type":"","overlay-color":"","overlay-opacity":"","overlay-gradient":""},"mobile":{"background-color":"var(--ast-global-color-5)","background-image":"","background-repeat":"repeat","background-position":"center center","background-size":"auto","background-attachment":"scroll","background-type":"","background-media":"","overlay-type":"","overlay-color":"","overlay-opacity":"","overlay-gradient":""}},"pgc_sgb_lightbox_settings":"","footnotes":""},"class_list":["post-12","page","type-page","status-publish","hentry"],"aioseo_notices":[],"_links":{"self":[{"href":"https:\/\/tfk-berlin.de\/index.php?rest_route=\/wp\/v2\/pages\/12","targetHints":{"allow":["GET"]}}],"collection":[{"href":"https:\/\/tfk-berlin.de\/index.php?rest_route=\/wp\/v2\/pages"}],"about":[{"href":"https:\/\/tfk-berlin.de\/index.php?rest_route=\/wp\/v2\/types\/page"}],"author":[{"embeddable":true,"href":"https:\/\/tfk-berlin.de\/index.php?rest_route=\/wp\/v2\/users\/1"}],"replies":[{"embeddable":true,"href":"https:\/\/tfk-berlin.de\/index.php?rest_route=%2Fwp%2Fv2%2Fcomments&post=12"}],"version-history":[{"count":12,"href":"https:\/\/tfk-berlin.de\/index.php?rest_route=\/wp\/v2\/pages\/12\/revisions"}],"predecessor-version":[{"id":6096,"href":"https:\/\/tfk-berlin.de\/index.php?rest_route=\/wp\/v2\/pages\/12\/revisions\/6096"}],"wp:attachment":[{"href":"https:\/\/tfk-berlin.de\/index.php?rest_route=%2Fwp%2Fv2%2Fmedia&parent=12"}],"curies":[{"name":"wp","href":"https:\/\/api.w.org\/{rel}","templated":true}]}}