{"id":221,"date":"2021-02-23T14:02:26","date_gmt":"2021-02-23T13:02:26","guid":{"rendered":"https:\/\/tfk-berlin.de\/neu\/?page_id=221"},"modified":"2024-10-07T17:55:58","modified_gmt":"2024-10-07T15:55:58","slug":"romana-schneider","status":"publish","type":"page","link":"https:\/\/tfk-berlin.de\/?page_id=221","title":{"rendered":"Romana Schneider"},"content":{"rendered":"\n<figure class=\"wp-block-image size-large\"><img loading=\"lazy\" decoding=\"async\" width=\"1024\" height=\"737\" src=\"https:\/\/tfk-berlin.de\/neu\/wp-content\/uploads\/2021\/02\/Romana-2-1024x737.jpg\" alt=\"\" class=\"wp-image-349\" srcset=\"https:\/\/tfk-berlin.de\/neu\/wp-content\/uploads\/2021\/02\/Romana-2-1024x737.jpg 1024w, https:\/\/tfk-berlin.de\/neu\/wp-content\/uploads\/2021\/02\/Romana-2-300x216.jpg 300w, https:\/\/tfk-berlin.de\/neu\/wp-content\/uploads\/2021\/02\/Romana-2-768x553.jpg 768w, https:\/\/tfk-berlin.de\/neu\/wp-content\/uploads\/2021\/02\/Romana-2-1536x1106.jpg 1536w, https:\/\/tfk-berlin.de\/neu\/wp-content\/uploads\/2021\/02\/Romana-2-1200x864.jpg 1200w, https:\/\/tfk-berlin.de\/neu\/wp-content\/uploads\/2021\/02\/Romana-2.jpg 1920w\" sizes=\"auto, (max-width: 1024px) 100vw, 1024px\" \/><\/figure>\n\n\n\n<p><\/p>\n\n\n\n<p>geb. 22.08.1986 in Gotha; 2002 trat Romana in den Theaterverein art der stadt e.V. Gotha ein und erlernte anfangs die Grundkenntnisse der Pantomime, Clownerie und des Stelzenlaufs. Im Laufe der Jahre, bis 2009, konnte Romana wundervolle B\u00fchnenerfolge feiern und w\u00e4hrend ihrer Zeit mit dem Ensemble des Theater der Stadt Gotha den &#8222;Deutschen Amateurtheaterpreis&#8220; 2008 entgegen nehmen.<\/p>\n\n\n\n<p>2010 zog Romana nach Berlin, um nun das Handwerk des Schauspielers zu erlernen. Von 2010 bis 2013 besuchte sie das International Network of Actors, die INACTheaterakademie. Seit 2014 l\u00e4sst sich Romana regelm\u00e4\u00dfig u.a. von Sigrid Andersson &#8222;Die Tankstelle&#8220; Berlin coachen und hat auch schon einige Erfahrungen vor der Kamera sammeln k\u00f6nnen.<\/p>\n\n\n\n<p>Seit September 2018 betreibt sie ein eigenes mobiles Theater und ist nicht nur auf der B\u00fchne aktiv. Auch das St\u00fccke schreiben, B\u00fchne und Requisiten bauen geh\u00f6ren zu ihren Aufgaben. Alles in Eigenregie, seit 2020 gemeinsam mit Svenja Otto.<\/p>\n\n\n\n<p>Theaterproduktionen<\/p>\n\n\n\n<p>seit 2020 diverse Theaterst\u00fccke in der Volksb\u00fchne Michendorf u.a. &#8222;Maxe Baumann&#8220;<br>seit 2018 &#8222;Theaterrebellen&#8220; &#8211; diverse Kinderst\u00fccke in Eigenproduktion<br>seit 2016 Zuckertraumtheater Berlin Regie_ Giuliana Fanelli<br>Theaterst\u00fccke : &#8222;Eisi Eisb\u00e4r und die verzauberte Eisprinzessin&#8220; und &#8222;Bli Bla Bl\u00fctentanz<\/p>\n\n\n\n<p>seit 2014 Theater Ensemble Radiks, Regie: Karl Koch;<br>Theaterst\u00fccke auf Tour: &#8222;fake oder War doch nur Spa\u00df&#8220;, &#8222;Und dann kam Alex&#8220;, &#8222;Wir waren mal Freunde &#8211; Blick zur\u00fcck nach vorn&#8220;, &#8222;TRAU DICH&#8220;<\/p>\n\n\n\n<p>2013- 2015<br>&#8222;Hinter den Kulissen&#8220;, Rolle: Lina, Regie: Marie-Theres Schwinn, verschiedene Gastspiele u.a. Stadtbibliothek Nordhausen, Brotfabrik Berlin, Kammerspiele Hamburg<\/p>\n\n\n\n<p>2012-2013<br>&#8222;Romeo und Julia&#8220;, Rolle: Julia, Regie: Christian Mark, Theaterscheune Teutleben<\/p>\n\n\n\n<p>von 2007 &#8211; 2010 verschiedene Produktionen im Theater der Stadt des art der Stadt e.v. Gotha u.a. &#8222;Herr Kolpert&#8220;<\/p>\n\n\n\n<p><strong>seit 2020 im Ensemble des tfk<\/strong><\/p>\n\n\n\n<p>\u201eDie V\u00f6gel\u201d von Aristophanes, Rolle: Kr\u00e4he \/ Prometheus, Regie: Anemone Poland<\/p>\n\n\n\n<p>&#8222;Die Riesen vom Berge&#8220; von Luigi Pirandello, Rolle: die Sgricia, Regie: Anemone Poland<\/p>\n\n\n\n<p>&#8222;Plutos &#8211; der Reichtum&#8220; von Aristophanes, Rollen: die verliebte Alte und im Chor der armen Leute; Regie: Anemone Poland<\/p>\n\n\n\n<p><a rel=\"noreferrer noopener\" href=\"http:\/\/www.theaterrebellen.de\/\" target=\"_blank\">http:\/\/www.theaterrebellen.de\/<\/a><\/p>\n\n\n\n<p><a href=\"https:\/\/tfk-berlin.de\/neu\/?page_id=153\">Zur \u00dcbersicht<\/a><\/p>\n","protected":false},"excerpt":{"rendered":"<p>geb. 22.08.1986 in Gotha; 2002 trat Romana in den Theaterverein art der stadt e.V. Gotha ein und erlernte anfangs die Grundkenntnisse der Pantomime, Clownerie und des Stelzenlaufs. Im Laufe der Jahre, bis 2009, konnte Romana wundervolle B\u00fchnenerfolge feiern und w\u00e4hrend ihrer Zeit mit dem Ensemble des Theater der Stadt Gotha den &#8222;Deutschen Amateurtheaterpreis&#8220; 2008 entgegen [&hellip;]<\/p>\n","protected":false},"author":1,"featured_media":0,"parent":0,"menu_order":0,"comment_status":"closed","ping_status":"closed","template":"","meta":{"site-sidebar-layout":"default","site-content-layout":"default","ast-site-content-layout":"default","site-content-style":"default","site-sidebar-style":"default","ast-global-header-display":"","ast-banner-title-visibility":"","ast-main-header-display":"","ast-hfb-above-header-display":"","ast-hfb-below-header-display":"","ast-hfb-mobile-header-display":"","site-post-title":"","ast-breadcrumbs-content":"","ast-featured-img":"","footer-sml-layout":"","ast-disable-related-posts":"","theme-transparent-header-meta":"default","adv-header-id-meta":"","stick-header-meta":"default","header-above-stick-meta":"","header-main-stick-meta":"","header-below-stick-meta":"","astra-migrate-meta-layouts":"set","ast-page-background-enabled":"default","ast-page-background-meta":{"desktop":{"background-color":"","background-image":"","background-repeat":"repeat","background-position":"center center","background-size":"auto","background-attachment":"scroll","background-type":"","background-media":"","overlay-type":"","overlay-color":"","overlay-opacity":"","overlay-gradient":""},"tablet":{"background-color":"","background-image":"","background-repeat":"repeat","background-position":"center center","background-size":"auto","background-attachment":"scroll","background-type":"","background-media":"","overlay-type":"","overlay-color":"","overlay-opacity":"","overlay-gradient":""},"mobile":{"background-color":"","background-image":"","background-repeat":"repeat","background-position":"center center","background-size":"auto","background-attachment":"scroll","background-type":"","background-media":"","overlay-type":"","overlay-color":"","overlay-opacity":"","overlay-gradient":""}},"ast-content-background-meta":{"desktop":{"background-color":"var(--ast-global-color-5)","background-image":"","background-repeat":"repeat","background-position":"center center","background-size":"auto","background-attachment":"scroll","background-type":"","background-media":"","overlay-type":"","overlay-color":"","overlay-opacity":"","overlay-gradient":""},"tablet":{"background-color":"var(--ast-global-color-5)","background-image":"","background-repeat":"repeat","background-position":"center center","background-size":"auto","background-attachment":"scroll","background-type":"","background-media":"","overlay-type":"","overlay-color":"","overlay-opacity":"","overlay-gradient":""},"mobile":{"background-color":"var(--ast-global-color-5)","background-image":"","background-repeat":"repeat","background-position":"center center","background-size":"auto","background-attachment":"scroll","background-type":"","background-media":"","overlay-type":"","overlay-color":"","overlay-opacity":"","overlay-gradient":""}},"pgc_sgb_lightbox_settings":"","footnotes":""},"class_list":["post-221","page","type-page","status-publish","hentry"],"aioseo_notices":[],"_links":{"self":[{"href":"https:\/\/tfk-berlin.de\/index.php?rest_route=\/wp\/v2\/pages\/221","targetHints":{"allow":["GET"]}}],"collection":[{"href":"https:\/\/tfk-berlin.de\/index.php?rest_route=\/wp\/v2\/pages"}],"about":[{"href":"https:\/\/tfk-berlin.de\/index.php?rest_route=\/wp\/v2\/types\/page"}],"author":[{"embeddable":true,"href":"https:\/\/tfk-berlin.de\/index.php?rest_route=\/wp\/v2\/users\/1"}],"replies":[{"embeddable":true,"href":"https:\/\/tfk-berlin.de\/index.php?rest_route=%2Fwp%2Fv2%2Fcomments&post=221"}],"version-history":[{"count":9,"href":"https:\/\/tfk-berlin.de\/index.php?rest_route=\/wp\/v2\/pages\/221\/revisions"}],"predecessor-version":[{"id":5719,"href":"https:\/\/tfk-berlin.de\/index.php?rest_route=\/wp\/v2\/pages\/221\/revisions\/5719"}],"wp:attachment":[{"href":"https:\/\/tfk-berlin.de\/index.php?rest_route=%2Fwp%2Fv2%2Fmedia&parent=221"}],"curies":[{"name":"wp","href":"https:\/\/api.w.org\/{rel}","templated":true}]}}

<figure class="wp-block-image size-large"><img loading="lazy" decoding="async" width="1024" height="737" src="https://tfk-berlin.de/neu/wp-content/uploads/2021/02/Romana-2-1024x737.jpg" alt="" class="wp-image-349" srcset="https://tfk-berlin.de/neu/wp-content/uploads/2021/02/Romana-2-1024x737.jpg 1024w, https://tfk-berlin.de/neu/wp-content/uploads/2021/02/Romana-2-300x216.jpg 300w, https://tfk-berlin.de/neu/wp-content/uploads/2021/02/Romana-2-768x553.jpg 768w, https://tfk-berlin.de/neu/wp-content/uploads/2021/02/Romana-2-1536x1106.jpg 1536w, https://tfk-berlin.de/neu/wp-content/uploads/2021/02/Romana-2-1200x864.jpg 1200w, https://tfk-berlin.de/neu/wp-content/uploads/2021/02/Romana-2.jpg 1920w" sizes="auto, (max-width: 1024px) 100vw, 1024px" /></figure>



<p></p>



<p>geb. 22.08.1986 in Gotha; 2002 trat Romana in den Theaterverein art der stadt e.V. Gotha ein und erlernte anfangs die Grundkenntnisse der Pantomime, Clownerie und des Stelzenlaufs. Im Laufe der Jahre, bis 2009, konnte Romana wundervolle Bühnenerfolge feiern und während ihrer Zeit mit dem Ensemble des Theater der Stadt Gotha den &#8222;Deutschen Amateurtheaterpreis&#8220; 2008 entgegen nehmen.</p>



<p>2010 zog Romana nach Berlin, um nun das Handwerk des Schauspielers zu erlernen. Von 2010 bis 2013 besuchte sie das International Network of Actors, die INACTheaterakademie. Seit 2014 lässt sich Romana regelmäßig u.a. von Sigrid Andersson &#8222;Die Tankstelle&#8220; Berlin coachen und hat auch schon einige Erfahrungen vor der Kamera sammeln können.</p>



<p>Seit September 2018 betreibt sie ein eigenes mobiles Theater und ist nicht nur auf der Bühne aktiv. Auch das Stücke schreiben, Bühne und Requisiten bauen gehören zu ihren Aufgaben. Alles in Eigenregie, seit 2020 gemeinsam mit Svenja Otto.</p>



<p>Theaterproduktionen</p>



<p>seit 2020 diverse Theaterstücke in der Volksbühne Michendorf u.a. &#8222;Maxe Baumann&#8220;<br>seit 2018 &#8222;Theaterrebellen&#8220; &#8211; diverse Kinderstücke in Eigenproduktion<br>seit 2016 Zuckertraumtheater Berlin Regie_ Giuliana Fanelli<br>Theaterstücke : &#8222;Eisi Eisbär und die verzauberte Eisprinzessin&#8220; und &#8222;Bli Bla Blütentanz</p>



<p>seit 2014 Theater Ensemble Radiks, Regie: Karl Koch;<br>Theaterstücke auf Tour: &#8222;fake oder War doch nur Spaß&#8220;, &#8222;Und dann kam Alex&#8220;, &#8222;Wir waren mal Freunde &#8211; Blick zurück nach vorn&#8220;, &#8222;TRAU DICH&#8220;</p>



<p>2013- 2015<br>&#8222;Hinter den Kulissen&#8220;, Rolle: Lina, Regie: Marie-Theres Schwinn, verschiedene Gastspiele u.a. Stadtbibliothek Nordhausen, Brotfabrik Berlin, Kammerspiele Hamburg</p>



<p>2012-2013<br>&#8222;Romeo und Julia&#8220;, Rolle: Julia, Regie: Christian Mark, Theaterscheune Teutleben</p>



<p>von 2007 &#8211; 2010 verschiedene Produktionen im Theater der Stadt des art der Stadt e.v. Gotha u.a. &#8222;Herr Kolpert&#8220;</p>



<p><strong>seit 2020 im Ensemble des tfk</strong></p>



<p>„Die Vögel” von Aristophanes, Rolle: Krähe / Prometheus, Regie: Anemone Poland</p>



<p>&#8222;Die Riesen vom Berge&#8220; von Luigi Pirandello, Rolle: die Sgricia, Regie: Anemone Poland</p>



<p>&#8222;Plutos &#8211; der Reichtum&#8220; von Aristophanes, Rollen: die verliebte Alte und im Chor der armen Leute; Regie: Anemone Poland</p>



<p><a rel="noreferrer noopener" href="http://www.theaterrebellen.de/" target="_blank">http://www.theaterrebellen.de/</a></p>



<p><a href="https://tfk-berlin.de/neu/?page_id=153">Zur Übersicht</a></p>

<p>geb. 22.08.1986 in Gotha; 2002 trat Romana in den Theaterverein art der stadt e.V. Gotha ein und erlernte anfangs die Grundkenntnisse der Pantomime, Clownerie und des Stelzenlaufs. Im Laufe der Jahre, bis 2009, konnte Romana wundervolle Bühnenerfolge feiern und während ihrer Zeit mit dem Ensemble des Theater der Stadt Gotha den &#8222;Deutschen Amateurtheaterpreis&#8220; 2008 entgegen [&hellip;]</p>
