{"id":241,"date":"2021-02-23T14:07:05","date_gmt":"2021-02-23T13:07:05","guid":{"rendered":"https:\/\/tfk-berlin.de\/neu\/?page_id=241"},"modified":"2024-10-07T18:05:00","modified_gmt":"2024-10-07T16:05:00","slug":"gertraud-wahl-deschan","status":"publish","type":"page","link":"https:\/\/tfk-berlin.de\/?page_id=241","title":{"rendered":"Gertraud Wahl-Deschan"},"content":{"rendered":"\n<figure class=\"wp-block-image size-large\"><img loading=\"lazy\" decoding=\"async\" width=\"108\" height=\"150\" src=\"https:\/\/tfk-berlin.de\/neu\/wp-content\/uploads\/2021\/02\/wahl.jpg\" alt=\"\" class=\"wp-image-394\"\/><\/figure>\n\n\n\n<p><\/p>\n\n\n\n<p>Kost\u00fcmbildnerin u. a. am Thomas-M\u00fcnzer-Theater Eisleben, beim Fernsehen der DDR bzw. dem Deutschen Fernsehfunk, beim Ostdeutschen Rundfunk Brandenburg<\/p>\n\n\n\n<p>seit 1996 als Kost\u00fcmbildnerin t\u00e4tig f\u00fcr das tfk:<br>&#8211;&nbsp;&#8222;Das Orchester&#8220; von Jean Anouilh, Regie: Rudi M\u00fcller-Poland<br>&#8211;&nbsp;&#8222;Der Kuhstall&#8220; von Helmut Kayzar, Regie: Hannes K\u00fchl<br>&#8211;&nbsp;&#8222;Die Ballade vom gro\u00dfen Makabren&#8220; von M. de Ghelderode, Regie: A. Poland<br>&#8211;&nbsp;&#8222;Das blaue Ungeheuer&#8220; von Carlo Gozzi<br>&#8211;&nbsp;&#8222;Triumph des Todes&#8220; von Eug\u00e8ne Ionesco<br>&#8211;&nbsp;&#8222;Fu\u00dfg\u00e4nger der Luft&#8220; von Eug\u00e8ne Ionesco<br>&#8211;&nbsp;&#8222;Leinwandmesser &#8211;&nbsp;die Geschichte eines Pferdes&#8220; nach Leo Tolstoi<br>&#8211;&nbsp;&#8222;Hunger und Durst&#8220; von Eug\u00e8ne Ionesco<br>&#8211;&nbsp;\u201eJakob oder die Unterwerfung\u201d von Eug\u00e8ne Ionesco<br>&#8211;&nbsp;\u201eIst er gut? Ist er b\u00f6se?\u201d von H. M. Enzensberger nach D. Diderot<br>&#8211;&nbsp;\u201eWolf im Korb\u201d von Roger Vitrac<br>&#8211;&nbsp;\u201eDer Auswanderer\u201d von Georges Schehad\u00e9, tfk<br>&#8211;&nbsp;\u201eEurydike\u201d von Jean Anouilh, tfk<br>&#8211;&nbsp;\u201eSprichw\u00f6rterabend\u201d von Georges Schehad\u00e9, tfk<br>&#8211;&nbsp;\u201eDie verkehrte Welt\u201d von Ludwig Tieck, tfk<\/p>\n\n\n\n<p><a href=\"https:\/\/tfk-berlin.de\/neu\/?page_id=153\">Zur \u00dcbersicht<\/a><\/p>\n","protected":false},"excerpt":{"rendered":"<p>Kost\u00fcmbildnerin u. a. am Thomas-M\u00fcnzer-Theater Eisleben, beim Fernsehen der DDR bzw. dem Deutschen Fernsehfunk, beim Ostdeutschen Rundfunk Brandenburg seit 1996 als Kost\u00fcmbildnerin t\u00e4tig f\u00fcr das tfk:&#8211;&nbsp;&#8222;Das Orchester&#8220; von Jean Anouilh, Regie: Rudi M\u00fcller-Poland&#8211;&nbsp;&#8222;Der Kuhstall&#8220; von Helmut Kayzar, Regie: Hannes K\u00fchl&#8211;&nbsp;&#8222;Die Ballade vom gro\u00dfen Makabren&#8220; von M. de Ghelderode, Regie: A. Poland&#8211;&nbsp;&#8222;Das blaue Ungeheuer&#8220; von Carlo [&hellip;]<\/p>\n","protected":false},"author":1,"featured_media":0,"parent":0,"menu_order":0,"comment_status":"closed","ping_status":"closed","template":"","meta":{"site-sidebar-layout":"default","site-content-layout":"default","ast-site-content-layout":"default","site-content-style":"default","site-sidebar-style":"default","ast-global-header-display":"","ast-banner-title-visibility":"","ast-main-header-display":"","ast-hfb-above-header-display":"","ast-hfb-below-header-display":"","ast-hfb-mobile-header-display":"","site-post-title":"","ast-breadcrumbs-content":"","ast-featured-img":"","footer-sml-layout":"","ast-disable-related-posts":"","theme-transparent-header-meta":"default","adv-header-id-meta":"","stick-header-meta":"default","header-above-stick-meta":"","header-main-stick-meta":"","header-below-stick-meta":"","astra-migrate-meta-layouts":"set","ast-page-background-enabled":"default","ast-page-background-meta":{"desktop":{"background-color":"","background-image":"","background-repeat":"repeat","background-position":"center center","background-size":"auto","background-attachment":"scroll","background-type":"","background-media":"","overlay-type":"","overlay-color":"","overlay-opacity":"","overlay-gradient":""},"tablet":{"background-color":"","background-image":"","background-repeat":"repeat","background-position":"center center","background-size":"auto","background-attachment":"scroll","background-type":"","background-media":"","overlay-type":"","overlay-color":"","overlay-opacity":"","overlay-gradient":""},"mobile":{"background-color":"","background-image":"","background-repeat":"repeat","background-position":"center center","background-size":"auto","background-attachment":"scroll","background-type":"","background-media":"","overlay-type":"","overlay-color":"","overlay-opacity":"","overlay-gradient":""}},"ast-content-background-meta":{"desktop":{"background-color":"var(--ast-global-color-5)","background-image":"","background-repeat":"repeat","background-position":"center center","background-size":"auto","background-attachment":"scroll","background-type":"","background-media":"","overlay-type":"","overlay-color":"","overlay-opacity":"","overlay-gradient":""},"tablet":{"background-color":"var(--ast-global-color-5)","background-image":"","background-repeat":"repeat","background-position":"center center","background-size":"auto","background-attachment":"scroll","background-type":"","background-media":"","overlay-type":"","overlay-color":"","overlay-opacity":"","overlay-gradient":""},"mobile":{"background-color":"var(--ast-global-color-5)","background-image":"","background-repeat":"repeat","background-position":"center center","background-size":"auto","background-attachment":"scroll","background-type":"","background-media":"","overlay-type":"","overlay-color":"","overlay-opacity":"","overlay-gradient":""}},"pgc_sgb_lightbox_settings":"","footnotes":""},"class_list":["post-241","page","type-page","status-publish","hentry"],"aioseo_notices":[],"_links":{"self":[{"href":"https:\/\/tfk-berlin.de\/index.php?rest_route=\/wp\/v2\/pages\/241","targetHints":{"allow":["GET"]}}],"collection":[{"href":"https:\/\/tfk-berlin.de\/index.php?rest_route=\/wp\/v2\/pages"}],"about":[{"href":"https:\/\/tfk-berlin.de\/index.php?rest_route=\/wp\/v2\/types\/page"}],"author":[{"embeddable":true,"href":"https:\/\/tfk-berlin.de\/index.php?rest_route=\/wp\/v2\/users\/1"}],"replies":[{"embeddable":true,"href":"https:\/\/tfk-berlin.de\/index.php?rest_route=%2Fwp%2Fv2%2Fcomments&post=241"}],"version-history":[{"count":4,"href":"https:\/\/tfk-berlin.de\/index.php?rest_route=\/wp\/v2\/pages\/241\/revisions"}],"predecessor-version":[{"id":5737,"href":"https:\/\/tfk-berlin.de\/index.php?rest_route=\/wp\/v2\/pages\/241\/revisions\/5737"}],"wp:attachment":[{"href":"https:\/\/tfk-berlin.de\/index.php?rest_route=%2Fwp%2Fv2%2Fmedia&parent=241"}],"curies":[{"name":"wp","href":"https:\/\/api.w.org\/{rel}","templated":true}]}}

<figure class="wp-block-image size-large"><img loading="lazy" decoding="async" width="108" height="150" src="https://tfk-berlin.de/neu/wp-content/uploads/2021/02/wahl.jpg" alt="" class="wp-image-394"/></figure>



<p></p>



<p>Kostümbildnerin u. a. am Thomas-Münzer-Theater Eisleben, beim Fernsehen der DDR bzw. dem Deutschen Fernsehfunk, beim Ostdeutschen Rundfunk Brandenburg</p>



<p>seit 1996 als Kostümbildnerin tätig für das tfk:<br>&#8211;&nbsp;&#8222;Das Orchester&#8220; von Jean Anouilh, Regie: Rudi Müller-Poland<br>&#8211;&nbsp;&#8222;Der Kuhstall&#8220; von Helmut Kayzar, Regie: Hannes Kühl<br>&#8211;&nbsp;&#8222;Die Ballade vom großen Makabren&#8220; von M. de Ghelderode, Regie: A. Poland<br>&#8211;&nbsp;&#8222;Das blaue Ungeheuer&#8220; von Carlo Gozzi<br>&#8211;&nbsp;&#8222;Triumph des Todes&#8220; von Eugène Ionesco<br>&#8211;&nbsp;&#8222;Fußgänger der Luft&#8220; von Eugène Ionesco<br>&#8211;&nbsp;&#8222;Leinwandmesser &#8211;&nbsp;die Geschichte eines Pferdes&#8220; nach Leo Tolstoi<br>&#8211;&nbsp;&#8222;Hunger und Durst&#8220; von Eugène Ionesco<br>&#8211;&nbsp;„Jakob oder die Unterwerfung” von Eugène Ionesco<br>&#8211;&nbsp;„Ist er gut? Ist er böse?” von H. M. Enzensberger nach D. Diderot<br>&#8211;&nbsp;„Wolf im Korb” von Roger Vitrac<br>&#8211;&nbsp;„Der Auswanderer” von Georges Schehadé, tfk<br>&#8211;&nbsp;„Eurydike” von Jean Anouilh, tfk<br>&#8211;&nbsp;„Sprichwörterabend” von Georges Schehadé, tfk<br>&#8211;&nbsp;„Die verkehrte Welt” von Ludwig Tieck, tfk</p>



<p><a href="https://tfk-berlin.de/neu/?page_id=153">Zur Übersicht</a></p>

<p>Kostümbildnerin u. a. am Thomas-Münzer-Theater Eisleben, beim Fernsehen der DDR bzw. dem Deutschen Fernsehfunk, beim Ostdeutschen Rundfunk Brandenburg seit 1996 als Kostümbildnerin tätig für das tfk:&#8211;&nbsp;&#8222;Das Orchester&#8220; von Jean Anouilh, Regie: Rudi Müller-Poland&#8211;&nbsp;&#8222;Der Kuhstall&#8220; von Helmut Kayzar, Regie: Hannes Kühl&#8211;&nbsp;&#8222;Die Ballade vom großen Makabren&#8220; von M. de Ghelderode, Regie: A. Poland&#8211;&nbsp;&#8222;Das blaue Ungeheuer&#8220; von Carlo [&hellip;]</p>
