{"id":245,"date":"2021-02-23T14:07:40","date_gmt":"2021-02-23T13:07:40","guid":{"rendered":"https:\/\/tfk-berlin.de\/neu\/?page_id=245"},"modified":"2024-10-07T18:05:56","modified_gmt":"2024-10-07T16:05:56","slug":"uwe-krieger","status":"publish","type":"page","link":"https:\/\/tfk-berlin.de\/?page_id=245","title":{"rendered":"Uwe Krieger"},"content":{"rendered":"\n<figure class=\"wp-block-image size-large\"><img loading=\"lazy\" decoding=\"async\" width=\"108\" height=\"150\" src=\"https:\/\/tfk-berlin.de\/neu\/wp-content\/uploads\/2021\/02\/krieger.jpg\" alt=\"\" class=\"wp-image-396\"\/><\/figure>\n\n\n\n<p><\/p>\n\n\n\n<p>Geb. 1937, seit 1969 nur mit Maskenbau uns Maskenspiel besch\u00e4ftigt. Verfasser und Co-Autor mehrerer St\u00fccke.<br>Bis 1985 eigenes Theater: &#8222;D a g o l &#8211;&nbsp;Masken, Rituale, Stille&#8220;.<\/p>\n\n\n\n<p>Lehrbeauftragter und Dozent an Hochschulen in Deutschland, Frankreich, Schweden, Polen, Schweiz, Ungarn, Holland, USA, Russland.<\/p>\n\n\n\n<p>Mitherausgeber der Reihe SYMPOSIUM MASKE und des Buches &#8222;Masken &#8211;&nbsp;eine Bestandsaufnahme&#8220;, erschienen im Schribi Verlag 2004.<\/p>\n\n\n\n<p>Bau von Masken f\u00fcr \u00fcber 25 Inszenierungen der gesamten Theatergeschichte von Sophokles und Aristophanes \u00fcber Shakespeare, Brecht im In-&nbsp;und Ausland; u. a. Masken und Figuren f\u00fcr &#8222;Die Zimtl\u00e4den&#8220;, Teatr Kreatur Berlin.<\/p>\n\n\n\n<p>Seit Sommer 2000 Dozent an der GERMAN FILM SCHOOL in Elstal bei Berlin zum Thema &#8222;Ausdrucksformen des Gesichts und Charakterk\u00f6pfe&#8220;.<\/p>\n\n\n\n<p><strong>seit 2004 im Ensemble des tfk:<\/strong><br>&#8211;&nbsp;&#8222;Das blaue Ungeheuer&#8220; von Carlo Gozzi<br>&#8211;&nbsp;&#8222;Triumph des Todes&#8220; von Eug\u00e8ne Ionesco<br>&#8211;&nbsp;&#8222;Fu\u00dfg\u00e4nger der Luft&#8220; von Eug\u00e8ne Ionesco<br>&#8211;&nbsp;&#8222;Leinwandmesser &#8211;&nbsp;die Geschichte eines Pferdes&#8220; nach Leo Tolstoi<br>&#8211;&nbsp;&#8222;Hunger und Durst&#8220; von Eug\u00e8ne Ionesco<br>&#8211;&nbsp;&#8222;Wolf im Korb\u201d von Roger Vitrac<br><br>Am 22.6.2015 ist Uwe Krieger in Schweden gestorben.<\/p>\n\n\n\n<p><a href=\"https:\/\/tfk-berlin.de\/neu\/?page_id=153\">Zur \u00dcbersicht<\/a><\/p>\n","protected":false},"excerpt":{"rendered":"<p>Geb. 1937, seit 1969 nur mit Maskenbau uns Maskenspiel besch\u00e4ftigt. Verfasser und Co-Autor mehrerer St\u00fccke.Bis 1985 eigenes Theater: &#8222;D a g o l &#8211;&nbsp;Masken, Rituale, Stille&#8220;. Lehrbeauftragter und Dozent an Hochschulen in Deutschland, Frankreich, Schweden, Polen, Schweiz, Ungarn, Holland, USA, Russland. Mitherausgeber der Reihe SYMPOSIUM MASKE und des Buches &#8222;Masken &#8211;&nbsp;eine Bestandsaufnahme&#8220;, erschienen im Schribi [&hellip;]<\/p>\n","protected":false},"author":1,"featured_media":0,"parent":0,"menu_order":0,"comment_status":"closed","ping_status":"closed","template":"","meta":{"site-sidebar-layout":"default","site-content-layout":"default","ast-site-content-layout":"default","site-content-style":"default","site-sidebar-style":"default","ast-global-header-display":"","ast-banner-title-visibility":"","ast-main-header-display":"","ast-hfb-above-header-display":"","ast-hfb-below-header-display":"","ast-hfb-mobile-header-display":"","site-post-title":"","ast-breadcrumbs-content":"","ast-featured-img":"","footer-sml-layout":"","ast-disable-related-posts":"","theme-transparent-header-meta":"default","adv-header-id-meta":"","stick-header-meta":"default","header-above-stick-meta":"","header-main-stick-meta":"","header-below-stick-meta":"","astra-migrate-meta-layouts":"set","ast-page-background-enabled":"default","ast-page-background-meta":{"desktop":{"background-color":"","background-image":"","background-repeat":"repeat","background-position":"center center","background-size":"auto","background-attachment":"scroll","background-type":"","background-media":"","overlay-type":"","overlay-color":"","overlay-opacity":"","overlay-gradient":""},"tablet":{"background-color":"","background-image":"","background-repeat":"repeat","background-position":"center center","background-size":"auto","background-attachment":"scroll","background-type":"","background-media":"","overlay-type":"","overlay-color":"","overlay-opacity":"","overlay-gradient":""},"mobile":{"background-color":"","background-image":"","background-repeat":"repeat","background-position":"center center","background-size":"auto","background-attachment":"scroll","background-type":"","background-media":"","overlay-type":"","overlay-color":"","overlay-opacity":"","overlay-gradient":""}},"ast-content-background-meta":{"desktop":{"background-color":"var(--ast-global-color-5)","background-image":"","background-repeat":"repeat","background-position":"center center","background-size":"auto","background-attachment":"scroll","background-type":"","background-media":"","overlay-type":"","overlay-color":"","overlay-opacity":"","overlay-gradient":""},"tablet":{"background-color":"var(--ast-global-color-5)","background-image":"","background-repeat":"repeat","background-position":"center center","background-size":"auto","background-attachment":"scroll","background-type":"","background-media":"","overlay-type":"","overlay-color":"","overlay-opacity":"","overlay-gradient":""},"mobile":{"background-color":"var(--ast-global-color-5)","background-image":"","background-repeat":"repeat","background-position":"center center","background-size":"auto","background-attachment":"scroll","background-type":"","background-media":"","overlay-type":"","overlay-color":"","overlay-opacity":"","overlay-gradient":""}},"pgc_sgb_lightbox_settings":"","footnotes":""},"class_list":["post-245","page","type-page","status-publish","hentry"],"aioseo_notices":[],"_links":{"self":[{"href":"https:\/\/tfk-berlin.de\/index.php?rest_route=\/wp\/v2\/pages\/245","targetHints":{"allow":["GET"]}}],"collection":[{"href":"https:\/\/tfk-berlin.de\/index.php?rest_route=\/wp\/v2\/pages"}],"about":[{"href":"https:\/\/tfk-berlin.de\/index.php?rest_route=\/wp\/v2\/types\/page"}],"author":[{"embeddable":true,"href":"https:\/\/tfk-berlin.de\/index.php?rest_route=\/wp\/v2\/users\/1"}],"replies":[{"embeddable":true,"href":"https:\/\/tfk-berlin.de\/index.php?rest_route=%2Fwp%2Fv2%2Fcomments&post=245"}],"version-history":[{"count":4,"href":"https:\/\/tfk-berlin.de\/index.php?rest_route=\/wp\/v2\/pages\/245\/revisions"}],"predecessor-version":[{"id":5739,"href":"https:\/\/tfk-berlin.de\/index.php?rest_route=\/wp\/v2\/pages\/245\/revisions\/5739"}],"wp:attachment":[{"href":"https:\/\/tfk-berlin.de\/index.php?rest_route=%2Fwp%2Fv2%2Fmedia&parent=245"}],"curies":[{"name":"wp","href":"https:\/\/api.w.org\/{rel}","templated":true}]}}

<figure class="wp-block-image size-large"><img loading="lazy" decoding="async" width="108" height="150" src="https://tfk-berlin.de/neu/wp-content/uploads/2021/02/krieger.jpg" alt="" class="wp-image-396"/></figure>



<p></p>



<p>Geb. 1937, seit 1969 nur mit Maskenbau uns Maskenspiel beschäftigt. Verfasser und Co-Autor mehrerer Stücke.<br>Bis 1985 eigenes Theater: &#8222;D a g o l &#8211;&nbsp;Masken, Rituale, Stille&#8220;.</p>



<p>Lehrbeauftragter und Dozent an Hochschulen in Deutschland, Frankreich, Schweden, Polen, Schweiz, Ungarn, Holland, USA, Russland.</p>



<p>Mitherausgeber der Reihe SYMPOSIUM MASKE und des Buches &#8222;Masken &#8211;&nbsp;eine Bestandsaufnahme&#8220;, erschienen im Schribi Verlag 2004.</p>



<p>Bau von Masken für über 25 Inszenierungen der gesamten Theatergeschichte von Sophokles und Aristophanes über Shakespeare, Brecht im In-&nbsp;und Ausland; u. a. Masken und Figuren für &#8222;Die Zimtläden&#8220;, Teatr Kreatur Berlin.</p>



<p>Seit Sommer 2000 Dozent an der GERMAN FILM SCHOOL in Elstal bei Berlin zum Thema &#8222;Ausdrucksformen des Gesichts und Charakterköpfe&#8220;.</p>



<p><strong>seit 2004 im Ensemble des tfk:</strong><br>&#8211;&nbsp;&#8222;Das blaue Ungeheuer&#8220; von Carlo Gozzi<br>&#8211;&nbsp;&#8222;Triumph des Todes&#8220; von Eugène Ionesco<br>&#8211;&nbsp;&#8222;Fußgänger der Luft&#8220; von Eugène Ionesco<br>&#8211;&nbsp;&#8222;Leinwandmesser &#8211;&nbsp;die Geschichte eines Pferdes&#8220; nach Leo Tolstoi<br>&#8211;&nbsp;&#8222;Hunger und Durst&#8220; von Eugène Ionesco<br>&#8211;&nbsp;&#8222;Wolf im Korb” von Roger Vitrac<br><br>Am 22.6.2015 ist Uwe Krieger in Schweden gestorben.</p>



<p><a href="https://tfk-berlin.de/neu/?page_id=153">Zur Übersicht</a></p>

<p>Geb. 1937, seit 1969 nur mit Maskenbau uns Maskenspiel beschäftigt. Verfasser und Co-Autor mehrerer Stücke.Bis 1985 eigenes Theater: &#8222;D a g o l &#8211;&nbsp;Masken, Rituale, Stille&#8220;. Lehrbeauftragter und Dozent an Hochschulen in Deutschland, Frankreich, Schweden, Polen, Schweiz, Ungarn, Holland, USA, Russland. Mitherausgeber der Reihe SYMPOSIUM MASKE und des Buches &#8222;Masken &#8211;&nbsp;eine Bestandsaufnahme&#8220;, erschienen im Schribi [&hellip;]</p>
