{"id":247,"date":"2021-02-23T14:07:52","date_gmt":"2021-02-23T13:07:52","guid":{"rendered":"https:\/\/tfk-berlin.de\/neu\/?page_id=247"},"modified":"2024-07-25T13:14:04","modified_gmt":"2024-07-25T11:14:04","slug":"dirk-rave","status":"publish","type":"page","link":"https:\/\/tfk-berlin.de\/?page_id=247","title":{"rendered":"Dirk Rave"},"content":{"rendered":"\n<figure class=\"wp-block-image size-large\"><img loading=\"lazy\" decoding=\"async\" width=\"600\" height=\"900\" src=\"https:\/\/tfk-berlin.de\/neu\/wp-content\/uploads\/2021\/02\/dirk.jpg\" alt=\"\" class=\"wp-image-401\" srcset=\"https:\/\/tfk-berlin.de\/neu\/wp-content\/uploads\/2021\/02\/dirk.jpg 600w, https:\/\/tfk-berlin.de\/neu\/wp-content\/uploads\/2021\/02\/dirk-200x300.jpg 200w\" sizes=\"auto, (max-width: 600px) 100vw, 600px\" \/><\/figure>\n\n\n\n<p><\/p>\n\n\n\n<p>geboren 1970 in Schleswig-Holstein, machte dort schauspielend und singend seine ersten B\u00fchnenerfahrungen und lernte Akkordeon bei Ingrid Wirth.1990 Umzug nach Berlin, Studium Musikwissenschaft (Kontrapunkt und Harmonielehre bei Dr. Bodo Bischoff ) und Italienisch. Zeitgleich professionelle Theatererfahrungen als Hospitant und Regieassistent bei Doris Harder (Wien), Peter Lund und Winfried Radeke (Neuk\u00f6llner Oper Berlin), sowie weiterf\u00fchrender Akkordeonunterricht im Einzeltonmanual bei Gerhard Scherer. 1995 erstmalig als Begleiter in einem Kabarett-Programm auf einer Berliner B\u00fchne zu sehen und zu h\u00f6ren.<br>Seitdem freiberuflich im gesamten deutschsprachigen Raum als Chanson-Begleiter, Komponist, S\u00e4nger und Autor mit Schwerpunkt Kabarett unterwegs. Seit vielen Jahren symbiotische Zusammenarbeit mit &#8222;Schwester Cordula&#8220; (alias Saskia K\u00e4stner) in diversen auf Trivialliteratur basierenden Kabarett-Programmen.<br>Dar\u00fcberhinaus rege \u00dcbersetzungst\u00e4tigkeit, vor allem franz\u00f6sischer Chansons aus der Anfangszeit des Cabaret.<\/p>\n\n\n\n<p>Neben der Komposition von Chansons und Werken f\u00fcr Akkordeon (3 B\u00e4nde sind bis 2020 im Jetelina Musikverlag erschienen), sowie in enger Zusammenarbeit mit der Regisseurin und Theaterleiterin Anemone Poland entstandenen Schauspielmusiken f\u00fcr das theaterforum kreuzberg (siehe unten) hat sich Dirk Rave in den letzten Jahren auf aufw\u00e4ndig recherchierte Formate spezialisiert, z.B. die Wiederentdeckung des nahezu vergessenen j\u00fcdischen Kabarett-Autors und Chansondichters Leo Heller im Programm &#8222;Kinder der Nacht&#8220; (Manuskript und Musik) oder die deutsch-deutsche Sozialgeschichte im Spiegel der Popularmusik aus BRD und DDR &#8222;Vom Urknall bis zum Mauerfall&#8220; (Manuskript und Arrangements).<\/p>\n\n\n\n<p><strong>Schauspielmusiken f\u00fcrs theaterforum:<\/strong><br>&#8222;Die Ballade vom gro\u00dfen Makaberen&#8220; von Michel de Ghelderode, Musik von Ulrich Roski und Dirk Rave, Regie: Anemone Poland<br>&#8222;Triumph des Todes&#8220; von Eug\u00e8ne Ionesco, Regie: Anemone Poland (2005)<br>&#8222;Leinwandmesser- die Geschichte eines Pferdes&#8220; (2008)<br>&#8222;Hunger und Durst&#8220;, Regie: Anemone Poland (2009)<br>&#8222;Ist er gut? Ist er b\u00f6se?&#8220; von H. M. Enzensberger nach D. Diderot, Regie: Anemone Poland (2011)<br>&#8222;Wolf im Korb&#8220; von Roger Vitrac, Regie: Anemone Poland (2013)<br>&#8222;Der Auswanderer&#8220; von Georges Sch\u00e9hade, Regie: Anemone Poland (2014)<br>&#8222;Eurydike&#8220; von Jean Anouilh, Regie: Anemone Poland (2015)<br>&#8222;Sprichw\u00f6rterabend&#8220; von Georges Sch\u00e9hade, Regie: Anemone Poland (2017)<br>&#8222;Die verkehrte Welt&#8220; von Ludwig Tieck, Regie: Anemone Poland (2018)<br>&#8222;Die V\u00f6gel&#8220; von Aristophanes, Regie: Anemone Poland (2020<\/p>\n\n\n\n<p><em>Homepage: <a rel=\"noreferrer noopener\" href=\"https:\/\/www.dirkrave.de\/\" target=\"_blank\">https:\/\/www.dirkrave.de\/<\/a><\/em><\/p>\n\n\n\n<p><a href=\"https:\/\/tfk-berlin.de\/neu\/?page_id=153\">Zur \u00dcbersicht<\/a><\/p>\n","protected":false},"excerpt":{"rendered":"<p>geboren 1970 in Schleswig-Holstein, machte dort schauspielend und singend seine ersten B\u00fchnenerfahrungen und lernte Akkordeon bei Ingrid Wirth.1990 Umzug nach Berlin, Studium Musikwissenschaft (Kontrapunkt und Harmonielehre bei Dr. Bodo Bischoff ) und Italienisch. Zeitgleich professionelle Theatererfahrungen als Hospitant und Regieassistent bei Doris Harder (Wien), Peter Lund und Winfried Radeke (Neuk\u00f6llner Oper Berlin), sowie weiterf\u00fchrender Akkordeonunterricht [&hellip;]<\/p>\n","protected":false},"author":1,"featured_media":0,"parent":0,"menu_order":0,"comment_status":"closed","ping_status":"closed","template":"","meta":{"site-sidebar-layout":"default","site-content-layout":"default","ast-site-content-layout":"default","site-content-style":"default","site-sidebar-style":"default","ast-global-header-display":"","ast-banner-title-visibility":"","ast-main-header-display":"","ast-hfb-above-header-display":"","ast-hfb-below-header-display":"","ast-hfb-mobile-header-display":"","site-post-title":"","ast-breadcrumbs-content":"","ast-featured-img":"","footer-sml-layout":"","ast-disable-related-posts":"","theme-transparent-header-meta":"default","adv-header-id-meta":"","stick-header-meta":"default","header-above-stick-meta":"","header-main-stick-meta":"","header-below-stick-meta":"","astra-migrate-meta-layouts":"set","ast-page-background-enabled":"default","ast-page-background-meta":{"desktop":{"background-color":"","background-image":"","background-repeat":"repeat","background-position":"center center","background-size":"auto","background-attachment":"scroll","background-type":"","background-media":"","overlay-type":"","overlay-color":"","overlay-opacity":"","overlay-gradient":""},"tablet":{"background-color":"","background-image":"","background-repeat":"repeat","background-position":"center center","background-size":"auto","background-attachment":"scroll","background-type":"","background-media":"","overlay-type":"","overlay-color":"","overlay-opacity":"","overlay-gradient":""},"mobile":{"background-color":"","background-image":"","background-repeat":"repeat","background-position":"center center","background-size":"auto","background-attachment":"scroll","background-type":"","background-media":"","overlay-type":"","overlay-color":"","overlay-opacity":"","overlay-gradient":""}},"ast-content-background-meta":{"desktop":{"background-color":"var(--ast-global-color-5)","background-image":"","background-repeat":"repeat","background-position":"center center","background-size":"auto","background-attachment":"scroll","background-type":"","background-media":"","overlay-type":"","overlay-color":"","overlay-opacity":"","overlay-gradient":""},"tablet":{"background-color":"var(--ast-global-color-5)","background-image":"","background-repeat":"repeat","background-position":"center center","background-size":"auto","background-attachment":"scroll","background-type":"","background-media":"","overlay-type":"","overlay-color":"","overlay-opacity":"","overlay-gradient":""},"mobile":{"background-color":"var(--ast-global-color-5)","background-image":"","background-repeat":"repeat","background-position":"center center","background-size":"auto","background-attachment":"scroll","background-type":"","background-media":"","overlay-type":"","overlay-color":"","overlay-opacity":"","overlay-gradient":""}},"pgc_sgb_lightbox_settings":"","footnotes":""},"class_list":["post-247","page","type-page","status-publish","hentry"],"aioseo_notices":[],"_links":{"self":[{"href":"https:\/\/tfk-berlin.de\/index.php?rest_route=\/wp\/v2\/pages\/247","targetHints":{"allow":["GET"]}}],"collection":[{"href":"https:\/\/tfk-berlin.de\/index.php?rest_route=\/wp\/v2\/pages"}],"about":[{"href":"https:\/\/tfk-berlin.de\/index.php?rest_route=\/wp\/v2\/types\/page"}],"author":[{"embeddable":true,"href":"https:\/\/tfk-berlin.de\/index.php?rest_route=\/wp\/v2\/users\/1"}],"replies":[{"embeddable":true,"href":"https:\/\/tfk-berlin.de\/index.php?rest_route=%2Fwp%2Fv2%2Fcomments&post=247"}],"version-history":[{"count":6,"href":"https:\/\/tfk-berlin.de\/index.php?rest_route=\/wp\/v2\/pages\/247\/revisions"}],"predecessor-version":[{"id":5477,"href":"https:\/\/tfk-berlin.de\/index.php?rest_route=\/wp\/v2\/pages\/247\/revisions\/5477"}],"wp:attachment":[{"href":"https:\/\/tfk-berlin.de\/index.php?rest_route=%2Fwp%2Fv2%2Fmedia&parent=247"}],"curies":[{"name":"wp","href":"https:\/\/api.w.org\/{rel}","templated":true}]}}

<figure class="wp-block-image size-large"><img loading="lazy" decoding="async" width="600" height="900" src="https://tfk-berlin.de/neu/wp-content/uploads/2021/02/dirk.jpg" alt="" class="wp-image-401" srcset="https://tfk-berlin.de/neu/wp-content/uploads/2021/02/dirk.jpg 600w, https://tfk-berlin.de/neu/wp-content/uploads/2021/02/dirk-200x300.jpg 200w" sizes="auto, (max-width: 600px) 100vw, 600px" /></figure>



<p></p>



<p>geboren 1970 in Schleswig-Holstein, machte dort schauspielend und singend seine ersten Bühnenerfahrungen und lernte Akkordeon bei Ingrid Wirth.1990 Umzug nach Berlin, Studium Musikwissenschaft (Kontrapunkt und Harmonielehre bei Dr. Bodo Bischoff ) und Italienisch. Zeitgleich professionelle Theatererfahrungen als Hospitant und Regieassistent bei Doris Harder (Wien), Peter Lund und Winfried Radeke (Neuköllner Oper Berlin), sowie weiterführender Akkordeonunterricht im Einzeltonmanual bei Gerhard Scherer. 1995 erstmalig als Begleiter in einem Kabarett-Programm auf einer Berliner Bühne zu sehen und zu hören.<br>Seitdem freiberuflich im gesamten deutschsprachigen Raum als Chanson-Begleiter, Komponist, Sänger und Autor mit Schwerpunkt Kabarett unterwegs. Seit vielen Jahren symbiotische Zusammenarbeit mit &#8222;Schwester Cordula&#8220; (alias Saskia Kästner) in diversen auf Trivialliteratur basierenden Kabarett-Programmen.<br>Darüberhinaus rege Übersetzungstätigkeit, vor allem französischer Chansons aus der Anfangszeit des Cabaret.</p>



<p>Neben der Komposition von Chansons und Werken für Akkordeon (3 Bände sind bis 2020 im Jetelina Musikverlag erschienen), sowie in enger Zusammenarbeit mit der Regisseurin und Theaterleiterin Anemone Poland entstandenen Schauspielmusiken für das theaterforum kreuzberg (siehe unten) hat sich Dirk Rave in den letzten Jahren auf aufwändig recherchierte Formate spezialisiert, z.B. die Wiederentdeckung des nahezu vergessenen jüdischen Kabarett-Autors und Chansondichters Leo Heller im Programm &#8222;Kinder der Nacht&#8220; (Manuskript und Musik) oder die deutsch-deutsche Sozialgeschichte im Spiegel der Popularmusik aus BRD und DDR &#8222;Vom Urknall bis zum Mauerfall&#8220; (Manuskript und Arrangements).</p>



<p><strong>Schauspielmusiken fürs theaterforum:</strong><br>&#8222;Die Ballade vom großen Makaberen&#8220; von Michel de Ghelderode, Musik von Ulrich Roski und Dirk Rave, Regie: Anemone Poland<br>&#8222;Triumph des Todes&#8220; von Eugène Ionesco, Regie: Anemone Poland (2005)<br>&#8222;Leinwandmesser- die Geschichte eines Pferdes&#8220; (2008)<br>&#8222;Hunger und Durst&#8220;, Regie: Anemone Poland (2009)<br>&#8222;Ist er gut? Ist er böse?&#8220; von H. M. Enzensberger nach D. Diderot, Regie: Anemone Poland (2011)<br>&#8222;Wolf im Korb&#8220; von Roger Vitrac, Regie: Anemone Poland (2013)<br>&#8222;Der Auswanderer&#8220; von Georges Schéhade, Regie: Anemone Poland (2014)<br>&#8222;Eurydike&#8220; von Jean Anouilh, Regie: Anemone Poland (2015)<br>&#8222;Sprichwörterabend&#8220; von Georges Schéhade, Regie: Anemone Poland (2017)<br>&#8222;Die verkehrte Welt&#8220; von Ludwig Tieck, Regie: Anemone Poland (2018)<br>&#8222;Die Vögel&#8220; von Aristophanes, Regie: Anemone Poland (2020</p>



<p><em>Homepage: <a rel="noreferrer noopener" href="https://www.dirkrave.de/" target="_blank">https://www.dirkrave.de/</a></em></p>



<p><a href="https://tfk-berlin.de/neu/?page_id=153">Zur Übersicht</a></p>

<p>geboren 1970 in Schleswig-Holstein, machte dort schauspielend und singend seine ersten Bühnenerfahrungen und lernte Akkordeon bei Ingrid Wirth.1990 Umzug nach Berlin, Studium Musikwissenschaft (Kontrapunkt und Harmonielehre bei Dr. Bodo Bischoff ) und Italienisch. Zeitgleich professionelle Theatererfahrungen als Hospitant und Regieassistent bei Doris Harder (Wien), Peter Lund und Winfried Radeke (Neuköllner Oper Berlin), sowie weiterführender Akkordeonunterricht [&hellip;]</p>
