{"id":249,"date":"2021-02-23T14:08:12","date_gmt":"2021-02-23T13:08:12","guid":{"rendered":"https:\/\/tfk-berlin.de\/neu\/?page_id=249"},"modified":"2024-10-07T18:07:11","modified_gmt":"2024-10-07T16:07:11","slug":"ulrich-roski","status":"publish","type":"page","link":"https:\/\/tfk-berlin.de\/?page_id=249","title":{"rendered":"Ulrich Roski"},"content":{"rendered":"\n<figure class=\"wp-block-image size-large\"><img loading=\"lazy\" decoding=\"async\" width=\"108\" height=\"150\" src=\"https:\/\/tfk-berlin.de\/neu\/wp-content\/uploads\/2021\/02\/roski.jpg\" alt=\"\" class=\"wp-image-405\"\/><\/figure>\n\n\n\n<p><\/p>\n\n\n\n<p>geb. 1944 in Pr\u00fcm\/Eifel, aufgewachsen in Berlin;<br>Franz\u00f6sisches Gymnasium; Studium der Romanistik und<br>Germanistik an der FU Berlin und der Sorbonne Paris;<br>seit 1969 Auftritte als Liedermacher; 1970 erste Langspielplatte;<br>es folgten 12 weitere LPs Konzerte u. a. in der Berliner Philharmonie,<br>der Hamburger Musikhalle; CD-Ver\u00f6ffentlichungen von Konzert-mitschnitten; letzte CD &#8222;Ich lerne sprechen&#8220;-&nbsp;Mitschnitt aus der<br>M\u00fcnchner Lach-&nbsp;u. Schie\u00dfgesellschaft, Sommer 2000;<\/p>\n\n\n\n<p><strong>B\u00fchnenmusiken am tfk f\u00fcr:<\/strong><br>&#8211;&nbsp;&#8222;Das Orchester&#8220; von J. Anouilh,<br>&#8211;&nbsp;&#8222;Der unterbrochene Akt&#8220; von T. R\u00f3zewicz,<br>&#8211;&nbsp;&#8222;Das ABC des Lebens&#8220; von Jean Tardieu,<br>&#8211;&nbsp;&#8222;Die Ballade vom gro\u00dfen Makabren&#8220; von Michel de Ghelderode<br><br><a href=\"https:\/\/tfk-berlin.de\/neu\/?page_id=407\" data-type=\"page\" data-id=\"407\">Am 20. Februar 2003 ist Ulrich Roski gestorben.<\/a><\/p>\n\n\n\n<p><a href=\"https:\/\/tfk-berlin.de\/neu\/?page_id=153\">Zur \u00dcbersicht<\/a><\/p>\n","protected":false},"excerpt":{"rendered":"<p>geb. 1944 in Pr\u00fcm\/Eifel, aufgewachsen in Berlin;Franz\u00f6sisches Gymnasium; Studium der Romanistik undGermanistik an der FU Berlin und der Sorbonne Paris;seit 1969 Auftritte als Liedermacher; 1970 erste Langspielplatte;es folgten 12 weitere LPs Konzerte u. a. in der Berliner Philharmonie,der Hamburger Musikhalle; CD-Ver\u00f6ffentlichungen von Konzert-mitschnitten; letzte CD &#8222;Ich lerne sprechen&#8220;-&nbsp;Mitschnitt aus derM\u00fcnchner Lach-&nbsp;u. Schie\u00dfgesellschaft, Sommer 2000; B\u00fchnenmusiken [&hellip;]<\/p>\n","protected":false},"author":1,"featured_media":0,"parent":0,"menu_order":0,"comment_status":"closed","ping_status":"closed","template":"","meta":{"site-sidebar-layout":"default","site-content-layout":"default","ast-site-content-layout":"default","site-content-style":"default","site-sidebar-style":"default","ast-global-header-display":"","ast-banner-title-visibility":"","ast-main-header-display":"","ast-hfb-above-header-display":"","ast-hfb-below-header-display":"","ast-hfb-mobile-header-display":"","site-post-title":"","ast-breadcrumbs-content":"","ast-featured-img":"","footer-sml-layout":"","ast-disable-related-posts":"","theme-transparent-header-meta":"default","adv-header-id-meta":"","stick-header-meta":"default","header-above-stick-meta":"","header-main-stick-meta":"","header-below-stick-meta":"","astra-migrate-meta-layouts":"set","ast-page-background-enabled":"default","ast-page-background-meta":{"desktop":{"background-color":"","background-image":"","background-repeat":"repeat","background-position":"center center","background-size":"auto","background-attachment":"scroll","background-type":"","background-media":"","overlay-type":"","overlay-color":"","overlay-opacity":"","overlay-gradient":""},"tablet":{"background-color":"","background-image":"","background-repeat":"repeat","background-position":"center center","background-size":"auto","background-attachment":"scroll","background-type":"","background-media":"","overlay-type":"","overlay-color":"","overlay-opacity":"","overlay-gradient":""},"mobile":{"background-color":"","background-image":"","background-repeat":"repeat","background-position":"center center","background-size":"auto","background-attachment":"scroll","background-type":"","background-media":"","overlay-type":"","overlay-color":"","overlay-opacity":"","overlay-gradient":""}},"ast-content-background-meta":{"desktop":{"background-color":"var(--ast-global-color-5)","background-image":"","background-repeat":"repeat","background-position":"center center","background-size":"auto","background-attachment":"scroll","background-type":"","background-media":"","overlay-type":"","overlay-color":"","overlay-opacity":"","overlay-gradient":""},"tablet":{"background-color":"var(--ast-global-color-5)","background-image":"","background-repeat":"repeat","background-position":"center center","background-size":"auto","background-attachment":"scroll","background-type":"","background-media":"","overlay-type":"","overlay-color":"","overlay-opacity":"","overlay-gradient":""},"mobile":{"background-color":"var(--ast-global-color-5)","background-image":"","background-repeat":"repeat","background-position":"center center","background-size":"auto","background-attachment":"scroll","background-type":"","background-media":"","overlay-type":"","overlay-color":"","overlay-opacity":"","overlay-gradient":""}},"pgc_sgb_lightbox_settings":"","footnotes":""},"class_list":["post-249","page","type-page","status-publish","hentry"],"aioseo_notices":[],"_links":{"self":[{"href":"https:\/\/tfk-berlin.de\/index.php?rest_route=\/wp\/v2\/pages\/249","targetHints":{"allow":["GET"]}}],"collection":[{"href":"https:\/\/tfk-berlin.de\/index.php?rest_route=\/wp\/v2\/pages"}],"about":[{"href":"https:\/\/tfk-berlin.de\/index.php?rest_route=\/wp\/v2\/types\/page"}],"author":[{"embeddable":true,"href":"https:\/\/tfk-berlin.de\/index.php?rest_route=\/wp\/v2\/users\/1"}],"replies":[{"embeddable":true,"href":"https:\/\/tfk-berlin.de\/index.php?rest_route=%2Fwp%2Fv2%2Fcomments&post=249"}],"version-history":[{"count":5,"href":"https:\/\/tfk-berlin.de\/index.php?rest_route=\/wp\/v2\/pages\/249\/revisions"}],"predecessor-version":[{"id":5741,"href":"https:\/\/tfk-berlin.de\/index.php?rest_route=\/wp\/v2\/pages\/249\/revisions\/5741"}],"wp:attachment":[{"href":"https:\/\/tfk-berlin.de\/index.php?rest_route=%2Fwp%2Fv2%2Fmedia&parent=249"}],"curies":[{"name":"wp","href":"https:\/\/api.w.org\/{rel}","templated":true}]}}

<figure class="wp-block-image size-large"><img loading="lazy" decoding="async" width="108" height="150" src="https://tfk-berlin.de/neu/wp-content/uploads/2021/02/roski.jpg" alt="" class="wp-image-405"/></figure>



<p></p>



<p>geb. 1944 in Prüm/Eifel, aufgewachsen in Berlin;<br>Französisches Gymnasium; Studium der Romanistik und<br>Germanistik an der FU Berlin und der Sorbonne Paris;<br>seit 1969 Auftritte als Liedermacher; 1970 erste Langspielplatte;<br>es folgten 12 weitere LPs Konzerte u. a. in der Berliner Philharmonie,<br>der Hamburger Musikhalle; CD-Veröffentlichungen von Konzert-mitschnitten; letzte CD &#8222;Ich lerne sprechen&#8220;-&nbsp;Mitschnitt aus der<br>Münchner Lach-&nbsp;u. Schießgesellschaft, Sommer 2000;</p>



<p><strong>Bühnenmusiken am tfk für:</strong><br>&#8211;&nbsp;&#8222;Das Orchester&#8220; von J. Anouilh,<br>&#8211;&nbsp;&#8222;Der unterbrochene Akt&#8220; von T. Rózewicz,<br>&#8211;&nbsp;&#8222;Das ABC des Lebens&#8220; von Jean Tardieu,<br>&#8211;&nbsp;&#8222;Die Ballade vom großen Makabren&#8220; von Michel de Ghelderode<br><br><a href="https://tfk-berlin.de/neu/?page_id=407" data-type="page" data-id="407">Am 20. Februar 2003 ist Ulrich Roski gestorben.</a></p>



<p><a href="https://tfk-berlin.de/neu/?page_id=153">Zur Übersicht</a></p>

<p>geb. 1944 in Prüm/Eifel, aufgewachsen in Berlin;Französisches Gymnasium; Studium der Romanistik undGermanistik an der FU Berlin und der Sorbonne Paris;seit 1969 Auftritte als Liedermacher; 1970 erste Langspielplatte;es folgten 12 weitere LPs Konzerte u. a. in der Berliner Philharmonie,der Hamburger Musikhalle; CD-Veröffentlichungen von Konzert-mitschnitten; letzte CD &#8222;Ich lerne sprechen&#8220;-&nbsp;Mitschnitt aus derMünchner Lach-&nbsp;u. Schießgesellschaft, Sommer 2000; Bühnenmusiken [&hellip;]</p>
