{"id":2691,"date":"2021-12-08T13:00:48","date_gmt":"2021-12-08T12:00:48","guid":{"rendered":"https:\/\/tfk-berlin.de\/?page_id=2691"},"modified":"2024-10-07T17:56:58","modified_gmt":"2024-10-07T15:56:58","slug":"alex-van-ric","status":"publish","type":"page","link":"https:\/\/tfk-berlin.de\/?page_id=2691","title":{"rendered":"Alex van Ric"},"content":{"rendered":"\n<figure class=\"wp-block-image size-large is-resized\"><img loading=\"lazy\" decoding=\"async\" width=\"768\" height=\"1024\" src=\"https:\/\/tfk-berlin.de\/neu\/wp-content\/uploads\/2021\/12\/Alex_image1-768x1024.jpeg\" alt=\"\" class=\"wp-image-2693\" style=\"width:510px;height:680px\" srcset=\"https:\/\/tfk-berlin.de\/neu\/wp-content\/uploads\/2021\/12\/Alex_image1-768x1024.jpeg 768w, https:\/\/tfk-berlin.de\/neu\/wp-content\/uploads\/2021\/12\/Alex_image1-225x300.jpeg 225w, https:\/\/tfk-berlin.de\/neu\/wp-content\/uploads\/2021\/12\/Alex_image1-1152x1536.jpeg 1152w, https:\/\/tfk-berlin.de\/neu\/wp-content\/uploads\/2021\/12\/Alex_image1-1536x2048.jpeg 1536w, https:\/\/tfk-berlin.de\/neu\/wp-content\/uploads\/2021\/12\/Alex_image1-scaled.jpeg 1920w\" sizes=\"auto, (max-width: 768px) 100vw, 768px\" \/><\/figure>\n\n\n\n<p><\/p>\n\n\n\n<p>Schauspielstudium bei Giles Foreman (GFCA, London, UK), Paul Miller (Drama Centre London, UK), Liana Nyquist (UAL, Drama Centre London, UK), Roberta Wallach (Black Nexxus, New York, USA), Lena Lessing (Berlin, Germany) und anderen.<\/p>\n\n\n\n<p>Alex stand f\u00fcr kleinere und gr\u00f6\u00dfere Produktionen auf der B\u00fchne und vor der Kamera. Nach einem Aufenthalt in Spanien, machte er im Jahr 2017 in Berlin sein Mikrotheater-Projekt Tamahaac, f\u00fcr das er in sieben Monaten vier Mikrost\u00fccke schrieb und inszenierte.<\/p>\n\n\n\n<p>W\u00e4hrend des Corona Lockdowns im Fr\u00fchjahr 2021 drehte Alex van Ric den Kurzfilm \u201eHIStory\u201c, welcher auf einem von ihm geschriebenen Mikrotheaterst\u00fcck basiert. Er arbeitete es in ein Drehbuch um und drehte den Film kurzerhand in kompletter Eigenregie als One-Man-Film Team im Keller seines Hauses. F\u00fcr seine schauspielerische Leistung in dem Film wurde er mehrfach auf internationalen Filmfestivals ausgezeichnet und nominiert.<\/p>\n\n\n\n<p>Bereits im Jahr 2015 stand er als Ensemblemitglied unter der Regie von Anemone Poland im St\u00fcck \u201eDer Auswanderer\u201c auf der B\u00fchne des Theaterforum Kreuzberg. Nun f\u00fchrt ihn sein Weg zur\u00fcck ans TFK mit dem Gastspiel und seiner eigenen Produktion und Inszenierung von John Logan\u2018s St\u00fcck \u201eRot\u201c.<\/p>\n\n\n\n<p>Alex van Ric: \u201eIch freue mich sehr mit meiner Inszenierung von \u201eRot\u201c auf der B\u00fchne des TFK sein zu d\u00fcrfen. Es ist ein tolles Theater mit einer ganz besonderen Atmosph\u00e4re und Intimit\u00e4t. Als ich k\u00fcrzlich nach den Jahren wieder hier die B\u00fchne betrat, hat mich die Magie dieses Ortes direkt wieder erfasst. Ich freue mich sehr wieder hier sein zu k\u00f6nnen.\u201c<\/p>\n\n\n\n<p><strong>seit  2022 im Ensemble des tfk<\/strong><\/p>\n\n\n\n<p>&#8222;Die Riesen vonm Berge&#8220; von Luigi Pirandello, Rolle: Cotrone, Regie: Anemone Poland<\/p>\n\n\n\n<p>&#8222;Plutos &#8211; der Reichtum&#8220; von Aristophanes, Rolle: Blepsidemos, Regie: Anemone Poland                                                                                                        <\/p>\n\n\n\n<p><a href=\"https:\/\/tfk-berlin.de\/?page_id=153\" title=\"Das Ensemble\">Zur \u00dcbersicht<\/a><\/p>\n","protected":false},"excerpt":{"rendered":"<p>Schauspielstudium bei Giles Foreman (GFCA, London, UK), Paul Miller (Drama Centre London, UK), Liana Nyquist (UAL, Drama Centre London, UK), Roberta Wallach (Black Nexxus, New York, USA), Lena Lessing (Berlin, Germany) und anderen. Alex stand f\u00fcr kleinere und gr\u00f6\u00dfere Produktionen auf der B\u00fchne und vor der Kamera. Nach einem Aufenthalt in Spanien, machte er im [&hellip;]<\/p>\n","protected":false},"author":1,"featured_media":0,"parent":0,"menu_order":0,"comment_status":"closed","ping_status":"closed","template":"","meta":{"site-sidebar-layout":"default","site-content-layout":"","ast-site-content-layout":"default","site-content-style":"default","site-sidebar-style":"default","ast-global-header-display":"","ast-banner-title-visibility":"","ast-main-header-display":"","ast-hfb-above-header-display":"","ast-hfb-below-header-display":"","ast-hfb-mobile-header-display":"","site-post-title":"","ast-breadcrumbs-content":"","ast-featured-img":"","footer-sml-layout":"","ast-disable-related-posts":"","theme-transparent-header-meta":"","adv-header-id-meta":"","stick-header-meta":"","header-above-stick-meta":"","header-main-stick-meta":"","header-below-stick-meta":"","astra-migrate-meta-layouts":"set","ast-page-background-enabled":"default","ast-page-background-meta":{"desktop":{"background-color":"","background-image":"","background-repeat":"repeat","background-position":"center center","background-size":"auto","background-attachment":"scroll","background-type":"","background-media":"","overlay-type":"","overlay-color":"","overlay-opacity":"","overlay-gradient":""},"tablet":{"background-color":"","background-image":"","background-repeat":"repeat","background-position":"center center","background-size":"auto","background-attachment":"scroll","background-type":"","background-media":"","overlay-type":"","overlay-color":"","overlay-opacity":"","overlay-gradient":""},"mobile":{"background-color":"","background-image":"","background-repeat":"repeat","background-position":"center center","background-size":"auto","background-attachment":"scroll","background-type":"","background-media":"","overlay-type":"","overlay-color":"","overlay-opacity":"","overlay-gradient":""}},"ast-content-background-meta":{"desktop":{"background-color":"var(--ast-global-color-5)","background-image":"","background-repeat":"repeat","background-position":"center center","background-size":"auto","background-attachment":"scroll","background-type":"","background-media":"","overlay-type":"","overlay-color":"","overlay-opacity":"","overlay-gradient":""},"tablet":{"background-color":"var(--ast-global-color-5)","background-image":"","background-repeat":"repeat","background-position":"center center","background-size":"auto","background-attachment":"scroll","background-type":"","background-media":"","overlay-type":"","overlay-color":"","overlay-opacity":"","overlay-gradient":""},"mobile":{"background-color":"var(--ast-global-color-5)","background-image":"","background-repeat":"repeat","background-position":"center center","background-size":"auto","background-attachment":"scroll","background-type":"","background-media":"","overlay-type":"","overlay-color":"","overlay-opacity":"","overlay-gradient":""}},"pgc_sgb_lightbox_settings":"","footnotes":""},"class_list":["post-2691","page","type-page","status-publish","hentry"],"aioseo_notices":[],"_links":{"self":[{"href":"https:\/\/tfk-berlin.de\/index.php?rest_route=\/wp\/v2\/pages\/2691","targetHints":{"allow":["GET"]}}],"collection":[{"href":"https:\/\/tfk-berlin.de\/index.php?rest_route=\/wp\/v2\/pages"}],"about":[{"href":"https:\/\/tfk-berlin.de\/index.php?rest_route=\/wp\/v2\/types\/page"}],"author":[{"embeddable":true,"href":"https:\/\/tfk-berlin.de\/index.php?rest_route=\/wp\/v2\/users\/1"}],"replies":[{"embeddable":true,"href":"https:\/\/tfk-berlin.de\/index.php?rest_route=%2Fwp%2Fv2%2Fcomments&post=2691"}],"version-history":[{"count":4,"href":"https:\/\/tfk-berlin.de\/index.php?rest_route=\/wp\/v2\/pages\/2691\/revisions"}],"predecessor-version":[{"id":5721,"href":"https:\/\/tfk-berlin.de\/index.php?rest_route=\/wp\/v2\/pages\/2691\/revisions\/5721"}],"wp:attachment":[{"href":"https:\/\/tfk-berlin.de\/index.php?rest_route=%2Fwp%2Fv2%2Fmedia&parent=2691"}],"curies":[{"name":"wp","href":"https:\/\/api.w.org\/{rel}","templated":true}]}}