{"id":4379,"date":"2023-05-27T10:16:26","date_gmt":"2023-05-27T08:16:26","guid":{"rendered":"https:\/\/tfk-berlin.de\/?page_id=4379"},"modified":"2024-10-07T17:52:58","modified_gmt":"2024-10-07T15:52:58","slug":"charlotte-hohlstein","status":"publish","type":"page","link":"https:\/\/tfk-berlin.de\/?page_id=4379","title":{"rendered":"Charlotte Hohlstein"},"content":{"rendered":"\n<figure class=\"wp-block-image size-full\"><img loading=\"lazy\" decoding=\"async\" width=\"343\" height=\"470\" src=\"https:\/\/tfk-berlin.de\/neu\/wp-content\/uploads\/2023\/05\/Charlotte-Hohlstein.jpg\" alt=\"\" class=\"wp-image-4380\" srcset=\"https:\/\/tfk-berlin.de\/neu\/wp-content\/uploads\/2023\/05\/Charlotte-Hohlstein.jpg 343w, https:\/\/tfk-berlin.de\/neu\/wp-content\/uploads\/2023\/05\/Charlotte-Hohlstein-219x300.jpg 219w\" sizes=\"auto, (max-width: 343px) 100vw, 343px\" \/><\/figure>\n\n\n\n<p><\/p>\n\n\n\n<p>geb. am 16.08.1991 in Stolberg nahe Aachen. Sie absolvierte ihre Schauspielausbildung 2011 bis 2015 an der Arturo Schauspielschule in K\u00f6ln. Sie ist freischaffend t\u00e4tig und arbeitet Deutschlandweit an verschiedenen B\u00fchnen. Seit 2019 lebt Sie in Berlin.<br>2014 Arkadas Theater K\u00f6ln, Die Troerinnen, Rolle: Clio<br>2015 Schauspiel K\u00f6ln, Der Kaufmann von Venedig, Rolle: K\u00e4stchen<br>2016 Wittener Kinder und Jugendtheater, Pippi Langstrumpf, Rolle: Annika<br>2017\u20132019 Nordharzer St\u00e4dtebund Theater<br>Pension Sch\u00f6ller, Rolle: Ida Klapproth, Regie: Robert Klatt<br>Mensch Heinrich, Rolle: Fussballspielerin, Regie: Sebastian Wirnitzer<br>Der R\u00e4uber Hotzenplotz, Rolle: Seppel, Regie: Sebastian Wirnitzer<br>Familie Braun, Rolle: Marianne, Regie: Sebastian Wirnitzer<br>Pippi Langstrumpf, Rolle: Annika, Regie: Rosmarie Vogtenhuber<br>Schleichwege der Kunst, Kommen und Gehen von Samuel Beckett, Rolle: Eine Frau, Regie: Rosmarie Vogtenhuber<\/p>\n\n\n\n<p><strong>seit 2020 im Ensemble des tfk<\/strong><br>&#8222;Die V\u00f6gel&#8220; von Aristophanes, Rolle: Flamingo \/ Denunziant, Regie: Anemone Poland<\/p>\n\n\n\n<p>&#8222;Plutos &#8211; der Reichtum&#8220; von Aristophanes, Rollen: Sykophant und im Chor der armen Leute, Regie: Anemone Poland<\/p>\n\n\n\n<p><a href=\"https:\/\/tfk-berlin.de\/?page_id=153\" title=\"Das Ensemble\">Zur \u00dcbersicht<\/a><\/p>\n","protected":false},"excerpt":{"rendered":"<p>geb. am 16.08.1991 in Stolberg nahe Aachen. Sie absolvierte ihre Schauspielausbildung 2011 bis 2015 an der Arturo Schauspielschule in K\u00f6ln. Sie ist freischaffend t\u00e4tig und arbeitet Deutschlandweit an verschiedenen B\u00fchnen. Seit 2019 lebt Sie in Berlin.2014 Arkadas Theater K\u00f6ln, Die Troerinnen, Rolle: Clio2015 Schauspiel K\u00f6ln, Der Kaufmann von Venedig, Rolle: K\u00e4stchen2016 Wittener Kinder und Jugendtheater, [&hellip;]<\/p>\n","protected":false},"author":1,"featured_media":0,"parent":0,"menu_order":0,"comment_status":"closed","ping_status":"closed","template":"","meta":{"site-sidebar-layout":"default","site-content-layout":"","ast-site-content-layout":"default","site-content-style":"default","site-sidebar-style":"default","ast-global-header-display":"","ast-banner-title-visibility":"","ast-main-header-display":"","ast-hfb-above-header-display":"","ast-hfb-below-header-display":"","ast-hfb-mobile-header-display":"","site-post-title":"","ast-breadcrumbs-content":"","ast-featured-img":"","footer-sml-layout":"","ast-disable-related-posts":"","theme-transparent-header-meta":"","adv-header-id-meta":"","stick-header-meta":"","header-above-stick-meta":"","header-main-stick-meta":"","header-below-stick-meta":"","astra-migrate-meta-layouts":"set","ast-page-background-enabled":"default","ast-page-background-meta":{"desktop":{"background-color":"","background-image":"","background-repeat":"repeat","background-position":"center center","background-size":"auto","background-attachment":"scroll","background-type":"","background-media":"","overlay-type":"","overlay-color":"","overlay-opacity":"","overlay-gradient":""},"tablet":{"background-color":"","background-image":"","background-repeat":"repeat","background-position":"center center","background-size":"auto","background-attachment":"scroll","background-type":"","background-media":"","overlay-type":"","overlay-color":"","overlay-opacity":"","overlay-gradient":""},"mobile":{"background-color":"","background-image":"","background-repeat":"repeat","background-position":"center center","background-size":"auto","background-attachment":"scroll","background-type":"","background-media":"","overlay-type":"","overlay-color":"","overlay-opacity":"","overlay-gradient":""}},"ast-content-background-meta":{"desktop":{"background-color":"var(--ast-global-color-5)","background-image":"","background-repeat":"repeat","background-position":"center center","background-size":"auto","background-attachment":"scroll","background-type":"","background-media":"","overlay-type":"","overlay-color":"","overlay-opacity":"","overlay-gradient":""},"tablet":{"background-color":"var(--ast-global-color-5)","background-image":"","background-repeat":"repeat","background-position":"center center","background-size":"auto","background-attachment":"scroll","background-type":"","background-media":"","overlay-type":"","overlay-color":"","overlay-opacity":"","overlay-gradient":""},"mobile":{"background-color":"var(--ast-global-color-5)","background-image":"","background-repeat":"repeat","background-position":"center center","background-size":"auto","background-attachment":"scroll","background-type":"","background-media":"","overlay-type":"","overlay-color":"","overlay-opacity":"","overlay-gradient":""}},"pgc_sgb_lightbox_settings":"","footnotes":""},"class_list":["post-4379","page","type-page","status-publish","hentry"],"aioseo_notices":[],"_links":{"self":[{"href":"https:\/\/tfk-berlin.de\/index.php?rest_route=\/wp\/v2\/pages\/4379","targetHints":{"allow":["GET"]}}],"collection":[{"href":"https:\/\/tfk-berlin.de\/index.php?rest_route=\/wp\/v2\/pages"}],"about":[{"href":"https:\/\/tfk-berlin.de\/index.php?rest_route=\/wp\/v2\/types\/page"}],"author":[{"embeddable":true,"href":"https:\/\/tfk-berlin.de\/index.php?rest_route=\/wp\/v2\/users\/1"}],"replies":[{"embeddable":true,"href":"https:\/\/tfk-berlin.de\/index.php?rest_route=%2Fwp%2Fv2%2Fcomments&post=4379"}],"version-history":[{"count":5,"href":"https:\/\/tfk-berlin.de\/index.php?rest_route=\/wp\/v2\/pages\/4379\/revisions"}],"predecessor-version":[{"id":5714,"href":"https:\/\/tfk-berlin.de\/index.php?rest_route=\/wp\/v2\/pages\/4379\/revisions\/5714"}],"wp:attachment":[{"href":"https:\/\/tfk-berlin.de\/index.php?rest_route=%2Fwp%2Fv2%2Fmedia&parent=4379"}],"curies":[{"name":"wp","href":"https:\/\/api.w.org\/{rel}","templated":true}]}}