{"id":5473,"date":"2024-07-25T13:12:56","date_gmt":"2024-07-25T11:12:56","guid":{"rendered":"https:\/\/tfk-berlin.de\/?page_id=5473"},"modified":"2024-10-07T18:06:44","modified_gmt":"2024-10-07T16:06:44","slug":"anna-katharina-schau","status":"publish","type":"page","link":"https:\/\/tfk-berlin.de\/?page_id=5473","title":{"rendered":"Anna-Katharina Schau"},"content":{"rendered":"\n<figure class=\"wp-block-image size-large\"><img loading=\"lazy\" decoding=\"async\" width=\"1024\" height=\"995\" src=\"https:\/\/tfk-berlin.de\/neu\/wp-content\/uploads\/2024\/07\/Anna-Katharina-Schau_Foto-Clara-Evens-1024x995.jpg\" alt=\"\" class=\"wp-image-5474\" srcset=\"https:\/\/tfk-berlin.de\/neu\/wp-content\/uploads\/2024\/07\/Anna-Katharina-Schau_Foto-Clara-Evens-1024x995.jpg 1024w, https:\/\/tfk-berlin.de\/neu\/wp-content\/uploads\/2024\/07\/Anna-Katharina-Schau_Foto-Clara-Evens-300x291.jpg 300w, https:\/\/tfk-berlin.de\/neu\/wp-content\/uploads\/2024\/07\/Anna-Katharina-Schau_Foto-Clara-Evens-768x746.jpg 768w, https:\/\/tfk-berlin.de\/neu\/wp-content\/uploads\/2024\/07\/Anna-Katharina-Schau_Foto-Clara-Evens-1536x1492.jpg 1536w, https:\/\/tfk-berlin.de\/neu\/wp-content\/uploads\/2024\/07\/Anna-Katharina-Schau_Foto-Clara-Evens.jpg 1761w\" sizes=\"auto, (max-width: 1024px) 100vw, 1024px\" \/><\/figure>\n\n\n\n<p><\/p>\n\n\n\n<p>begann im Alter von sechs Jahren mit dem Akkordeonspiel. Ihr Interesse an der zeitgen\u00f6ssischen Musik als auch an neuen Spieltechniken f\u00fchrte sie an die Hochschule f\u00fcr Musik, Theater und Medien Hannover. 2022 beendete sie ihr Studium mit dem Master of Music bei Goran Stevanovic. Erg\u00e4nzt wurde ihr Studium durch Meisterkurse bei Hugo Noth, Claudia Buder, Mie Miki, Veli Kujala und Andreas Borregaard. Einen H\u00f6hepunkt stellt der Preis des Deutschen Musikwettbewerbs 2021 gemeinsam mit ihrem Trio Klangspektrum (Klarinette, Violoncello, Akkordeon), einem Trio f\u00fcr zeitgen\u00f6ssische Musik, dar. In der Saison 2022\/23 war das junge Trio in der Konzertf\u00f6rderung Deutscher Musikwettbewerb.<\/p>\n\n\n\n<p>Anna-Katharina Schau konzertierte u.a. bereits mit dem ensemble mosaik sowie dem ensemble unitedberlin und arbeitete mit Dirigenten wie H.K.Gruber zusammen. Au\u00dferdem folgte sie den Einladungen zahlreicher Festivals wie Neuk\u00f6llner Originalt\u00f6ne, Intersonanzen Potsdam, Klangbr\u00fccken-Festival Hannover, Bellearte ffm, Klangwerkstatt Berlin, Vocal arte Frankfurt am Main, Beethoven Fest Bonn, zu unerh\u00f6rte Musik Berlin, zum H\u00f6rfest Detmold, zu den Neuk\u00f6llner Originalt\u00f6nen, zum Altenberger Kultursommer, zu den G\u00f6ppinger Meisterkonzerten sowie zum Schleswig Holstein Musikfestival.<\/p>\n\n\n\n<p><a href=\"https:\/\/tfk-berlin.de\/?page_id=153\" title=\"Das Ensemble\">Zur \u00dcbersicht<\/a><\/p>\n","protected":false},"excerpt":{"rendered":"<p>begann im Alter von sechs Jahren mit dem Akkordeonspiel. Ihr Interesse an der zeitgen\u00f6ssischen Musik als auch an neuen Spieltechniken f\u00fchrte sie an die Hochschule f\u00fcr Musik, Theater und Medien Hannover. 2022 beendete sie ihr Studium mit dem Master of Music bei Goran Stevanovic. Erg\u00e4nzt wurde ihr Studium durch Meisterkurse bei Hugo Noth, Claudia Buder, [&hellip;]<\/p>\n","protected":false},"author":1,"featured_media":0,"parent":0,"menu_order":0,"comment_status":"closed","ping_status":"closed","template":"","meta":{"site-sidebar-layout":"default","site-content-layout":"","ast-site-content-layout":"default","site-content-style":"default","site-sidebar-style":"default","ast-global-header-display":"","ast-banner-title-visibility":"","ast-main-header-display":"","ast-hfb-above-header-display":"","ast-hfb-below-header-display":"","ast-hfb-mobile-header-display":"","site-post-title":"","ast-breadcrumbs-content":"","ast-featured-img":"","footer-sml-layout":"","ast-disable-related-posts":"","theme-transparent-header-meta":"","adv-header-id-meta":"","stick-header-meta":"","header-above-stick-meta":"","header-main-stick-meta":"","header-below-stick-meta":"","astra-migrate-meta-layouts":"set","ast-page-background-enabled":"default","ast-page-background-meta":{"desktop":{"background-color":"","background-image":"","background-repeat":"repeat","background-position":"center center","background-size":"auto","background-attachment":"scroll","background-type":"","background-media":"","overlay-type":"","overlay-color":"","overlay-opacity":"","overlay-gradient":""},"tablet":{"background-color":"","background-image":"","background-repeat":"repeat","background-position":"center center","background-size":"auto","background-attachment":"scroll","background-type":"","background-media":"","overlay-type":"","overlay-color":"","overlay-opacity":"","overlay-gradient":""},"mobile":{"background-color":"","background-image":"","background-repeat":"repeat","background-position":"center center","background-size":"auto","background-attachment":"scroll","background-type":"","background-media":"","overlay-type":"","overlay-color":"","overlay-opacity":"","overlay-gradient":""}},"ast-content-background-meta":{"desktop":{"background-color":"var(--ast-global-color-5)","background-image":"","background-repeat":"repeat","background-position":"center center","background-size":"auto","background-attachment":"scroll","background-type":"","background-media":"","overlay-type":"","overlay-color":"","overlay-opacity":"","overlay-gradient":""},"tablet":{"background-color":"var(--ast-global-color-5)","background-image":"","background-repeat":"repeat","background-position":"center center","background-size":"auto","background-attachment":"scroll","background-type":"","background-media":"","overlay-type":"","overlay-color":"","overlay-opacity":"","overlay-gradient":""},"mobile":{"background-color":"var(--ast-global-color-5)","background-image":"","background-repeat":"repeat","background-position":"center center","background-size":"auto","background-attachment":"scroll","background-type":"","background-media":"","overlay-type":"","overlay-color":"","overlay-opacity":"","overlay-gradient":""}},"pgc_sgb_lightbox_settings":"","footnotes":""},"class_list":["post-5473","page","type-page","status-publish","hentry"],"aioseo_notices":[],"_links":{"self":[{"href":"https:\/\/tfk-berlin.de\/index.php?rest_route=\/wp\/v2\/pages\/5473","targetHints":{"allow":["GET"]}}],"collection":[{"href":"https:\/\/tfk-berlin.de\/index.php?rest_route=\/wp\/v2\/pages"}],"about":[{"href":"https:\/\/tfk-berlin.de\/index.php?rest_route=\/wp\/v2\/types\/page"}],"author":[{"embeddable":true,"href":"https:\/\/tfk-berlin.de\/index.php?rest_route=\/wp\/v2\/users\/1"}],"replies":[{"embeddable":true,"href":"https:\/\/tfk-berlin.de\/index.php?rest_route=%2Fwp%2Fv2%2Fcomments&post=5473"}],"version-history":[{"count":4,"href":"https:\/\/tfk-berlin.de\/index.php?rest_route=\/wp\/v2\/pages\/5473\/revisions"}],"predecessor-version":[{"id":5740,"href":"https:\/\/tfk-berlin.de\/index.php?rest_route=\/wp\/v2\/pages\/5473\/revisions\/5740"}],"wp:attachment":[{"href":"https:\/\/tfk-berlin.de\/index.php?rest_route=%2Fwp%2Fv2%2Fmedia&parent=5473"}],"curies":[{"name":"wp","href":"https:\/\/api.w.org\/{rel}","templated":true}]}}

<figure class="wp-block-image size-large"><img loading="lazy" decoding="async" width="1024" height="995" src="https://tfk-berlin.de/neu/wp-content/uploads/2024/07/Anna-Katharina-Schau_Foto-Clara-Evens-1024x995.jpg" alt="" class="wp-image-5474" srcset="https://tfk-berlin.de/neu/wp-content/uploads/2024/07/Anna-Katharina-Schau_Foto-Clara-Evens-1024x995.jpg 1024w, https://tfk-berlin.de/neu/wp-content/uploads/2024/07/Anna-Katharina-Schau_Foto-Clara-Evens-300x291.jpg 300w, https://tfk-berlin.de/neu/wp-content/uploads/2024/07/Anna-Katharina-Schau_Foto-Clara-Evens-768x746.jpg 768w, https://tfk-berlin.de/neu/wp-content/uploads/2024/07/Anna-Katharina-Schau_Foto-Clara-Evens-1536x1492.jpg 1536w, https://tfk-berlin.de/neu/wp-content/uploads/2024/07/Anna-Katharina-Schau_Foto-Clara-Evens.jpg 1761w" sizes="auto, (max-width: 1024px) 100vw, 1024px" /></figure>



<p></p>



<p>begann im Alter von sechs Jahren mit dem Akkordeonspiel. Ihr Interesse an der zeitgenössischen Musik als auch an neuen Spieltechniken führte sie an die Hochschule für Musik, Theater und Medien Hannover. 2022 beendete sie ihr Studium mit dem Master of Music bei Goran Stevanovic. Ergänzt wurde ihr Studium durch Meisterkurse bei Hugo Noth, Claudia Buder, Mie Miki, Veli Kujala und Andreas Borregaard. Einen Höhepunkt stellt der Preis des Deutschen Musikwettbewerbs 2021 gemeinsam mit ihrem Trio Klangspektrum (Klarinette, Violoncello, Akkordeon), einem Trio für zeitgenössische Musik, dar. In der Saison 2022/23 war das junge Trio in der Konzertförderung Deutscher Musikwettbewerb.</p>



<p>Anna-Katharina Schau konzertierte u.a. bereits mit dem ensemble mosaik sowie dem ensemble unitedberlin und arbeitete mit Dirigenten wie H.K.Gruber zusammen. Außerdem folgte sie den Einladungen zahlreicher Festivals wie Neuköllner Originaltöne, Intersonanzen Potsdam, Klangbrücken-Festival Hannover, Bellearte ffm, Klangwerkstatt Berlin, Vocal arte Frankfurt am Main, Beethoven Fest Bonn, zu unerhörte Musik Berlin, zum Hörfest Detmold, zu den Neuköllner Originaltönen, zum Altenberger Kultursommer, zu den Göppinger Meisterkonzerten sowie zum Schleswig Holstein Musikfestival.</p>



<p><a href="https://tfk-berlin.de/?page_id=153" title="Das Ensemble">Zur Übersicht</a></p>

<p>begann im Alter von sechs Jahren mit dem Akkordeonspiel. Ihr Interesse an der zeitgenössischen Musik als auch an neuen Spieltechniken führte sie an die Hochschule für Musik, Theater und Medien Hannover. 2022 beendete sie ihr Studium mit dem Master of Music bei Goran Stevanovic. Ergänzt wurde ihr Studium durch Meisterkurse bei Hugo Noth, Claudia Buder, [&hellip;]</p>
