{"id":7054,"date":"2026-02-24T11:15:22","date_gmt":"2026-02-24T10:15:22","guid":{"rendered":"https:\/\/tfk-berlin.de\/?page_id=7054"},"modified":"2026-02-24T11:22:12","modified_gmt":"2026-02-24T10:22:12","slug":"die-sommergaeste","status":"publish","type":"page","link":"https:\/\/tfk-berlin.de\/?page_id=7054","title":{"rendered":"Die Sommerg\u00e4ste"},"content":{"rendered":"\n<p>nach Maxim Gorki<br>Gastspiel<br>Reduta Schauspielschule f\u00fcr Film und Theater<\/p>\n\n\n\n<figure class=\"wp-block-image size-large\"><img loading=\"lazy\" decoding=\"async\" width=\"1024\" height=\"683\" src=\"https:\/\/tfk-berlin.de\/neu\/wp-content\/uploads\/2026\/02\/Sommergaeste-2-1024x683.jpg\" alt=\"\" class=\"wp-image-7055\" srcset=\"https:\/\/tfk-berlin.de\/neu\/wp-content\/uploads\/2026\/02\/Sommergaeste-2-1024x683.jpg 1024w, https:\/\/tfk-berlin.de\/neu\/wp-content\/uploads\/2026\/02\/Sommergaeste-2-300x200.jpg 300w, https:\/\/tfk-berlin.de\/neu\/wp-content\/uploads\/2026\/02\/Sommergaeste-2-768x512.jpg 768w, https:\/\/tfk-berlin.de\/neu\/wp-content\/uploads\/2026\/02\/Sommergaeste-2.jpg 1280w\" sizes=\"auto, (max-width: 1024px) 100vw, 1024px\" \/><\/figure>\n\n\n\n<p><\/p>\n\n\n\n<p>Im Zentrum steht eine Gruppe wohlhabender Sommerg\u00e4ste auf einer russischen Datscha: Intellektuelle, Freunde und Prominente, die diskutieren, flirten, streiten und sich im Kreislauf aus Selbstinszenierung und pers\u00f6nlicher Leere bewegen. Was zun\u00e4chst wie eine kultivierte Sommerpause erscheint, kippt in emotionale und soziale Konflikte. Themen wie Liebeleien, Eifersucht, Gewalt, sexueller Missbrauch, Verlangen, Liebe, patriarchales Denken, toxische Beziehungsmuster und der Wunsch nach Freiheit pr\u00e4gen die Inszenierung. Die Regie greift diese Themen bewusst und schonungslos auf und arbeitet daf\u00fcr gezielt mit extremen Bildern, um ihre Wirkung klar sichtbar zu machen.<\/p>\n\n\n\n<p>Der Originaltext bleibt im Kern erhalten, die B\u00fchnenfassung ist jedoch deutlich modernisiert und in der Spielweise aufgebrochen. Die Figuren agieren direkter, k\u00f6rperlicher und schonungsloser; Konflikte werden nicht angedeutet, sondern sichtbar gemacht. Starke Bilder und direkte k\u00f6rperliche Situationen dienen dabei nicht der Provokation um ihrer selbst willen, sondern der Zuspitzung dessen, was im Text angelegt ist. Die besondere Herausforderung dieses Jahrgangs bestand darin, eine historisch angelegte Vorlage mit zeitgen\u00f6ssischen Mitteln zu sch\u00e4rfen, ohne Gorkis Grundgedanken zu verlieren.<\/p>\n\n\n\n<figure class=\"wp-block-image size-large\"><img loading=\"lazy\" decoding=\"async\" width=\"683\" height=\"1024\" src=\"https:\/\/tfk-berlin.de\/neu\/wp-content\/uploads\/2026\/02\/Sommergaeste-1-683x1024.jpg\" alt=\"\" class=\"wp-image-7056\" srcset=\"https:\/\/tfk-berlin.de\/neu\/wp-content\/uploads\/2026\/02\/Sommergaeste-1-683x1024.jpg 683w, https:\/\/tfk-berlin.de\/neu\/wp-content\/uploads\/2026\/02\/Sommergaeste-1-200x300.jpg 200w, https:\/\/tfk-berlin.de\/neu\/wp-content\/uploads\/2026\/02\/Sommergaeste-1-768x1151.jpg 768w, https:\/\/tfk-berlin.de\/neu\/wp-content\/uploads\/2026\/02\/Sommergaeste-1.jpg 854w\" sizes=\"auto, (max-width: 683px) 100vw, 683px\" \/><\/figure>\n\n\n\n<p><\/p>\n\n\n\n<p>Das Abschlussprojekt 2026 behandelt den Klassiker nicht museal, sondern als lebendigen, aktuellen Stoff \u2013 und macht sichtbar, wie zeitlos seine Konflikte bis heute sind.<br>Mit dieser Produktion zeigt die Reduta \u2013 Schauspielschule ihr Profil: praxisnah, risikobereit und inhaltlich klar positioniert.<\/p>\n\n\n\n<p>Es spielen: Vinzenz Miosga, Natalie Stypa, Joulina Wahry, Fritz Surmann, Elyna Donchev, Aaron Paradies, Lilith Stolzenburg, Mounia Zaghdoud, Ben Keite, Philipp Klostermann<\/p>\n\n\n\n<p>Regie: Fabrice Merlin Riese und Shenja Vetlova-Jahn<\/p>\n\n\n\n<figure class=\"wp-block-image size-large is-resized\"><a href=\"https:\/\/reduta-berlin.de\" target=\"_blank\" rel=\" noreferrer noopener\"><img loading=\"lazy\" decoding=\"async\" width=\"907\" height=\"1024\" src=\"https:\/\/tfk-berlin.de\/neu\/wp-content\/uploads\/2026\/02\/Logo-Reduta-907x1024.jpg\" alt=\"\" class=\"wp-image-7062\" style=\"aspect-ratio:0.8857524524364064;width:282px;height:auto\" srcset=\"https:\/\/tfk-berlin.de\/neu\/wp-content\/uploads\/2026\/02\/Logo-Reduta-907x1024.jpg 907w, https:\/\/tfk-berlin.de\/neu\/wp-content\/uploads\/2026\/02\/Logo-Reduta-266x300.jpg 266w, https:\/\/tfk-berlin.de\/neu\/wp-content\/uploads\/2026\/02\/Logo-Reduta-768x867.jpg 768w, https:\/\/tfk-berlin.de\/neu\/wp-content\/uploads\/2026\/02\/Logo-Reduta.jpg 960w\" sizes=\"auto, (max-width: 907px) 100vw, 907px\" \/><\/a><\/figure>\n\n\n\n<p><\/p>\n\n\n\n<p>Homepage: <a href=\"https:\/\/reduta-berlin.de\" target=\"_blank\" rel=\"noopener\" title=\"\">https:\/\/reduta-berlin.de<\/a><\/p>\n\n\n\n<p>Eintritt: 15 \u20ac, erm\u00e4\u00dfigt 10 \u20ac<\/p>\n\n\n\n<p>DO &#8211; 16.04.2026 &#8211; 18.00 Uhr (Premiere)<br>FR &#8211; 17.04.2026 &#8211; 18.00 Uhr<br>SA &#8211; 18.04.2026 &#8211; 18.00 Uhr<\/p>\n\n\n\n<p><a href=\"https:\/\/tfk-berlin.de\/?page_id=43\" title=\"Karten reservieren\">Karten reservieren<\/a><br><a href=\"https:\/\/tfk-berlin.de\/?page_id=10\" title=\"Spielplan\">Zum Spielplan<\/a><\/p>\n","protected":false},"excerpt":{"rendered":"<p>nach Maxim GorkiGastspielReduta Schauspielschule f\u00fcr Film und Theater Im Zentrum steht eine Gruppe wohlhabender Sommerg\u00e4ste auf einer russischen Datscha: Intellektuelle, Freunde und Prominente, die diskutieren, flirten, streiten und sich im Kreislauf aus Selbstinszenierung und pers\u00f6nlicher Leere bewegen. Was zun\u00e4chst wie eine kultivierte Sommerpause erscheint, kippt in emotionale und soziale Konflikte. Themen wie Liebeleien, Eifersucht, Gewalt, [&hellip;]<\/p>\n","protected":false},"author":1,"featured_media":0,"parent":0,"menu_order":0,"comment_status":"closed","ping_status":"closed","template":"","meta":{"site-sidebar-layout":"default","site-content-layout":"","ast-site-content-layout":"default","site-content-style":"default","site-sidebar-style":"default","ast-global-header-display":"","ast-banner-title-visibility":"","ast-main-header-display":"","ast-hfb-above-header-display":"","ast-hfb-below-header-display":"","ast-hfb-mobile-header-display":"","site-post-title":"","ast-breadcrumbs-content":"","ast-featured-img":"","footer-sml-layout":"","ast-disable-related-posts":"","theme-transparent-header-meta":"","adv-header-id-meta":"","stick-header-meta":"","header-above-stick-meta":"","header-main-stick-meta":"","header-below-stick-meta":"","astra-migrate-meta-layouts":"set","ast-page-background-enabled":"default","ast-page-background-meta":{"desktop":{"background-color":"","background-image":"","background-repeat":"repeat","background-position":"center center","background-size":"auto","background-attachment":"scroll","background-type":"","background-media":"","overlay-type":"","overlay-color":"","overlay-opacity":"","overlay-gradient":""},"tablet":{"background-color":"","background-image":"","background-repeat":"repeat","background-position":"center center","background-size":"auto","background-attachment":"scroll","background-type":"","background-media":"","overlay-type":"","overlay-color":"","overlay-opacity":"","overlay-gradient":""},"mobile":{"background-color":"","background-image":"","background-repeat":"repeat","background-position":"center center","background-size":"auto","background-attachment":"scroll","background-type":"","background-media":"","overlay-type":"","overlay-color":"","overlay-opacity":"","overlay-gradient":""}},"ast-content-background-meta":{"desktop":{"background-color":"var(--ast-global-color-5)","background-image":"","background-repeat":"repeat","background-position":"center center","background-size":"auto","background-attachment":"scroll","background-type":"","background-media":"","overlay-type":"","overlay-color":"","overlay-opacity":"","overlay-gradient":""},"tablet":{"background-color":"var(--ast-global-color-5)","background-image":"","background-repeat":"repeat","background-position":"center center","background-size":"auto","background-attachment":"scroll","background-type":"","background-media":"","overlay-type":"","overlay-color":"","overlay-opacity":"","overlay-gradient":""},"mobile":{"background-color":"var(--ast-global-color-5)","background-image":"","background-repeat":"repeat","background-position":"center center","background-size":"auto","background-attachment":"scroll","background-type":"","background-media":"","overlay-type":"","overlay-color":"","overlay-opacity":"","overlay-gradient":""}},"pgc_sgb_lightbox_settings":"","footnotes":""},"class_list":["post-7054","page","type-page","status-publish","hentry"],"aioseo_notices":[],"_links":{"self":[{"href":"https:\/\/tfk-berlin.de\/index.php?rest_route=\/wp\/v2\/pages\/7054","targetHints":{"allow":["GET"]}}],"collection":[{"href":"https:\/\/tfk-berlin.de\/index.php?rest_route=\/wp\/v2\/pages"}],"about":[{"href":"https:\/\/tfk-berlin.de\/index.php?rest_route=\/wp\/v2\/types\/page"}],"author":[{"embeddable":true,"href":"https:\/\/tfk-berlin.de\/index.php?rest_route=\/wp\/v2\/users\/1"}],"replies":[{"embeddable":true,"href":"https:\/\/tfk-berlin.de\/index.php?rest_route=%2Fwp%2Fv2%2Fcomments&post=7054"}],"version-history":[{"count":3,"href":"https:\/\/tfk-berlin.de\/index.php?rest_route=\/wp\/v2\/pages\/7054\/revisions"}],"predecessor-version":[{"id":7064,"href":"https:\/\/tfk-berlin.de\/index.php?rest_route=\/wp\/v2\/pages\/7054\/revisions\/7064"}],"wp:attachment":[{"href":"https:\/\/tfk-berlin.de\/index.php?rest_route=%2Fwp%2Fv2%2Fmedia&parent=7054"}],"curies":[{"name":"wp","href":"https:\/\/api.w.org\/{rel}","templated":true}]}}