{"id":7195,"date":"2026-04-01T01:06:16","date_gmt":"2026-03-31T23:06:16","guid":{"rendered":"https:\/\/tfk-berlin.de\/?page_id=7195"},"modified":"2026-04-01T01:06:35","modified_gmt":"2026-03-31T23:06:35","slug":"piratenlilly-und-der-raetselhafte-schatz","status":"publish","type":"page","link":"https:\/\/tfk-berlin.de\/?page_id=7195","title":{"rendered":"Piratenlilly und der r\u00e4tselhafte Schatz"},"content":{"rendered":"\n<p>Kindertheater ab 2 Jahren<br>Gastspiel<br>Theaterrebellen<\/p>\n\n\n\n<figure class=\"wp-block-image size-large\"><img loading=\"lazy\" decoding=\"async\" width=\"1024\" height=\"755\" src=\"https:\/\/tfk-berlin.de\/neu\/wp-content\/uploads\/2026\/04\/Piratenlilly-1-1024x755.jpg\" alt=\"\" class=\"wp-image-7196\" srcset=\"https:\/\/tfk-berlin.de\/neu\/wp-content\/uploads\/2026\/04\/Piratenlilly-1-1024x755.jpg 1024w, https:\/\/tfk-berlin.de\/neu\/wp-content\/uploads\/2026\/04\/Piratenlilly-1-300x221.jpg 300w, https:\/\/tfk-berlin.de\/neu\/wp-content\/uploads\/2026\/04\/Piratenlilly-1-768x566.jpg 768w, https:\/\/tfk-berlin.de\/neu\/wp-content\/uploads\/2026\/04\/Piratenlilly-1.jpg 1314w\" sizes=\"auto, (max-width: 1024px) 100vw, 1024px\" \/><\/figure>\n\n\n\n<p><\/p>\n\n\n\n<p>Klein, neugierig, abenteuerlustig und mit R\u00e4tseln gespickt.<\/p>\n\n\n\n<p>Die kleinen Zuschauer*innen werden mitgenommen auf eine bunte Schatzsuche. Sie k\u00f6nnen raten, lachen und stellen am Ende gemeinsam mit Tigerlilly fest, dass viele Abenteuer zu zweit mehr Freude bereiten.<\/p>\n\n\n\n<p>Tigerlilly erlebt in dieser Geschichte, als Piratenlilly ein bewegendes und r\u00e4tselhaftes Abenteuer. Sie und ihre Schwester Leo bekommen zum Geburtstag die Aufgabe, einen Schatz zu finden, welcher ihr gemeinsames Geburtstagsgeschenk beinhaltet.<br>Die beiden M\u00e4dchen finden es gar nicht toll, den Schatz teilen zu m\u00fcssen und beschlie\u00dfen, jeder f\u00fcr sich die Reise anzutreten. Diejenige, die den Schatz zuerst findet, darf diesen auch behalten.<br>Auf ihrem Abenteuer \u00fcber die Pirateninsel, lernt Piratenlilly viele Tiere kennen, die ihr spannende R\u00e4tsel stellen, um ihrem hei\u00dfbegehrten Schatz n\u00e4her zu kommen. Sie trifft auch auf ihren Freund Bj\u00f6rn den B\u00e4ren, der bis \u00fcber beide Ohren verliebt ist.&nbsp;<br>Auf ihrer Reise lernt Piratenlilly, dass es oft doch Freude bringt, zu teilen. Und dass die meisten Dinge viel sch\u00f6ner sind, wenn man sie gemeinsam erlebt.<\/p>\n\n\n\n<p>Mit Musik, Bewegung und einfachen, klaren Bildern vermittelt die Inszenierung kindgerecht Freundschaft, Verbundenheit und Vertrauen. Ein ideales erstes Theatererlebnis, das Kinder st\u00e4rkt und Erwachsenen ein wertvolles Werkzeug gibt, um \u00fcber Teilen, Zusammenhalt, Verzeihen und Vertragen zu sprechen.<\/p>\n\n\n\n<p>Text &amp; Idee: Theaterrebellen<br>Regie: Romana Schneider-Otto, Svenja Otto<br>Schauspiel: Romana Schneider-Otto, Svenja Otto<br>Dauer: ca. 35 Minuten<\/p>\n\n\n\n<p>Eintritt: f\u00fcr Kinder 6 \u20ac, f\u00fcr Erwachsene 10 \u20ac<br>(2 Begleitpersonen pro Kita frei)<\/p>\n\n\n\n<p>MI &#8211; 20.05.2026 &#8211; 10.00 Uhr<\/p>\n\n\n\n<p><a href=\"https:\/\/tfk-berlin.de\/?page_id=43\" title=\"Karten reservieren\">Karten reservieren<\/a><br><a href=\"https:\/\/tfk-berlin.de\/?page_id=10\" title=\"Spielplan\">Zum Spielplan<\/a><\/p>\n","protected":false},"excerpt":{"rendered":"<p>Kindertheater ab 2 JahrenGastspielTheaterrebellen Klein, neugierig, abenteuerlustig und mit R\u00e4tseln gespickt. Die kleinen Zuschauer*innen werden mitgenommen auf eine bunte Schatzsuche. Sie k\u00f6nnen raten, lachen und stellen am Ende gemeinsam mit Tigerlilly fest, dass viele Abenteuer zu zweit mehr Freude bereiten. Tigerlilly erlebt in dieser Geschichte, als Piratenlilly ein bewegendes und r\u00e4tselhaftes Abenteuer. Sie und ihre [&hellip;]<\/p>\n","protected":false},"author":1,"featured_media":0,"parent":0,"menu_order":0,"comment_status":"closed","ping_status":"closed","template":"","meta":{"site-sidebar-layout":"default","site-content-layout":"","ast-site-content-layout":"default","site-content-style":"default","site-sidebar-style":"default","ast-global-header-display":"","ast-banner-title-visibility":"","ast-main-header-display":"","ast-hfb-above-header-display":"","ast-hfb-below-header-display":"","ast-hfb-mobile-header-display":"","site-post-title":"","ast-breadcrumbs-content":"","ast-featured-img":"","footer-sml-layout":"","ast-disable-related-posts":"","theme-transparent-header-meta":"","adv-header-id-meta":"","stick-header-meta":"","header-above-stick-meta":"","header-main-stick-meta":"","header-below-stick-meta":"","astra-migrate-meta-layouts":"set","ast-page-background-enabled":"default","ast-page-background-meta":{"desktop":{"background-color":"","background-image":"","background-repeat":"repeat","background-position":"center center","background-size":"auto","background-attachment":"scroll","background-type":"","background-media":"","overlay-type":"","overlay-color":"","overlay-opacity":"","overlay-gradient":""},"tablet":{"background-color":"","background-image":"","background-repeat":"repeat","background-position":"center center","background-size":"auto","background-attachment":"scroll","background-type":"","background-media":"","overlay-type":"","overlay-color":"","overlay-opacity":"","overlay-gradient":""},"mobile":{"background-color":"","background-image":"","background-repeat":"repeat","background-position":"center center","background-size":"auto","background-attachment":"scroll","background-type":"","background-media":"","overlay-type":"","overlay-color":"","overlay-opacity":"","overlay-gradient":""}},"ast-content-background-meta":{"desktop":{"background-color":"var(--ast-global-color-5)","background-image":"","background-repeat":"repeat","background-position":"center center","background-size":"auto","background-attachment":"scroll","background-type":"","background-media":"","overlay-type":"","overlay-color":"","overlay-opacity":"","overlay-gradient":""},"tablet":{"background-color":"var(--ast-global-color-5)","background-image":"","background-repeat":"repeat","background-position":"center center","background-size":"auto","background-attachment":"scroll","background-type":"","background-media":"","overlay-type":"","overlay-color":"","overlay-opacity":"","overlay-gradient":""},"mobile":{"background-color":"var(--ast-global-color-5)","background-image":"","background-repeat":"repeat","background-position":"center center","background-size":"auto","background-attachment":"scroll","background-type":"","background-media":"","overlay-type":"","overlay-color":"","overlay-opacity":"","overlay-gradient":""}},"pgc_sgb_lightbox_settings":"","footnotes":""},"class_list":["post-7195","page","type-page","status-publish","hentry"],"aioseo_notices":[],"_links":{"self":[{"href":"https:\/\/tfk-berlin.de\/index.php?rest_route=\/wp\/v2\/pages\/7195","targetHints":{"allow":["GET"]}}],"collection":[{"href":"https:\/\/tfk-berlin.de\/index.php?rest_route=\/wp\/v2\/pages"}],"about":[{"href":"https:\/\/tfk-berlin.de\/index.php?rest_route=\/wp\/v2\/types\/page"}],"author":[{"embeddable":true,"href":"https:\/\/tfk-berlin.de\/index.php?rest_route=\/wp\/v2\/users\/1"}],"replies":[{"embeddable":true,"href":"https:\/\/tfk-berlin.de\/index.php?rest_route=%2Fwp%2Fv2%2Fcomments&post=7195"}],"version-history":[{"count":2,"href":"https:\/\/tfk-berlin.de\/index.php?rest_route=\/wp\/v2\/pages\/7195\/revisions"}],"predecessor-version":[{"id":7199,"href":"https:\/\/tfk-berlin.de\/index.php?rest_route=\/wp\/v2\/pages\/7195\/revisions\/7199"}],"wp:attachment":[{"href":"https:\/\/tfk-berlin.de\/index.php?rest_route=%2Fwp%2Fv2%2Fmedia&parent=7195"}],"curies":[{"name":"wp","href":"https:\/\/api.w.org\/{rel}","templated":true}]}}