{"id":7243,"date":"2026-05-02T18:27:05","date_gmt":"2026-05-02T16:27:05","guid":{"rendered":"https:\/\/tfk-berlin.de\/?page_id=7243"},"modified":"2026-05-02T19:02:50","modified_gmt":"2026-05-02T17:02:50","slug":"der-gott-des-gemetzels","status":"publish","type":"page","link":"https:\/\/tfk-berlin.de\/?page_id=7243","title":{"rendered":"Der Gott des Gemetzels"},"content":{"rendered":"\n<p>von Yasmina Reza<br>Deutsche \u00dcbersetzung Frank Heibert und Hinrich Schmidt-Henkel<br>Theaterverlag Desch<br>Gastspiel<br>theater collectiv berlin<\/p>\n\n\n\n<figure class=\"wp-block-image size-large\"><img loading=\"lazy\" decoding=\"async\" width=\"1024\" height=\"716\" src=\"https:\/\/tfk-berlin.de\/neu\/wp-content\/uploads\/2026\/05\/Flyer-WEB26-1024x716.jpg\" alt=\"\" class=\"wp-image-7244\" srcset=\"https:\/\/tfk-berlin.de\/neu\/wp-content\/uploads\/2026\/05\/Flyer-WEB26-1024x716.jpg 1024w, https:\/\/tfk-berlin.de\/neu\/wp-content\/uploads\/2026\/05\/Flyer-WEB26-300x210.jpg 300w, https:\/\/tfk-berlin.de\/neu\/wp-content\/uploads\/2026\/05\/Flyer-WEB26-768x537.jpg 768w, https:\/\/tfk-berlin.de\/neu\/wp-content\/uploads\/2026\/05\/Flyer-WEB26.jpg 1500w\" sizes=\"auto, (max-width: 1024px) 100vw, 1024px\" \/><\/figure>\n\n\n\n<p><\/p>\n\n\n\n<p><strong>Wieder da nach drei ausverkauften Vorstellungen im Oktober!<\/strong><br>Einen abgr\u00fcndigen und zugleich g\u00fctigen Blick ins Leben gutverdienender Mittvierziger tun, sodass wir vor Lachen vergessen, dass wir ja diejenigen sind, die hier vorgef\u00fchrt werden &#8211; das kann Yasmina Reza wie keine Zweite.<\/p>\n\n\n\n<p>Nach einem Schulhof-Streit kehrt Bruno verst\u00f6rt nach Hause zur\u00fcck, blutend, in seiner Hand seine beiden Schneidez\u00e4hne. Sofort nach der medizinischen Versorgung entschlie\u00dfen sich die besorgten Eltern, den schuldigen Mitsch\u00fcler zur Rede zu stellen.<br>\u00dcberraschen schnell l\u00e4sst sich ein Treffen mit den Eltern des betreffenden Jungen arrangieren. Aufger\u00e4umt, ernsthaft und mit den besten Vors\u00e4tzen, den Konflikt g\u00fctlich beizulegen, treffen die beiden Paare am Nachmittag desselben Tages aufeinander.&nbsp;<br>Was folgt, ist eine gnadenlose Dekonstruktion der b\u00fcrgerlichen Fassade. In kleinen, unausweichlichen Schritten entsteht ein h\u00f6chst erquicklicher Kontrollverlust im Kampf der Figuren gegen einander und gegen sich selbst.<\/p>\n\n\n\n<p>Das \u00ab theater collectiv berlin \u00bb, gegr\u00fcndet 2025, hat als Ausgangspunkt den Ensemble-Gedanken. Unsere Wurzeln liegen in der Schauspiel-Methode von Michael Tschechow.<\/p>\n\n\n\n<p>Es spielen:<br>Laura Cameron Wilkinson, Ines Chop, Nelson Farber, Martin M\u00f6hring<br>Regie: Stefan Lenz<br>Assistenz: Laura Cameron Wilkinson, Roman Wedemeier<br>Licht, Ton, B\u00fchne: Stefan Lenz<br>Kontakt: info@tschechow-berlin.de<\/p>\n\n\n\n<p>Eintritt: 18 \u20ac, erm\u00e4\u00dfigt 12 \u20ac<\/p>\n\n\n\n<p>FR &#8211; 05.06.2026 &#8211; 19.30 Uhr<br>SA &#8211; 06.06.2026 &#8211; 19.30 Uhr<br>SO &#8211; 07.06.2026 &#8211; 19.30 Uhr<\/p>\n\n\n\n<p><a href=\"https:\/\/tfk-berlin.de\/?page_id=43\" title=\"Karten reservieren\">Karten reservieren<\/a><br><a href=\"https:\/\/tfk-berlin.de\/?page_id=10\" title=\"Spielplan\">Zum Spielplan<\/a><\/p>\n","protected":false},"excerpt":{"rendered":"<p>von Yasmina RezaDeutsche \u00dcbersetzung Frank Heibert und Hinrich Schmidt-HenkelTheaterverlag DeschGastspieltheater collectiv berlin Wieder da nach drei ausverkauften Vorstellungen im Oktober!Einen abgr\u00fcndigen und zugleich g\u00fctigen Blick ins Leben gutverdienender Mittvierziger tun, sodass wir vor Lachen vergessen, dass wir ja diejenigen sind, die hier vorgef\u00fchrt werden &#8211; das kann Yasmina Reza wie keine Zweite. Nach einem Schulhof-Streit [&hellip;]<\/p>\n","protected":false},"author":1,"featured_media":0,"parent":0,"menu_order":0,"comment_status":"closed","ping_status":"closed","template":"","meta":{"site-sidebar-layout":"default","site-content-layout":"","ast-site-content-layout":"default","site-content-style":"default","site-sidebar-style":"default","ast-global-header-display":"","ast-banner-title-visibility":"","ast-main-header-display":"","ast-hfb-above-header-display":"","ast-hfb-below-header-display":"","ast-hfb-mobile-header-display":"","site-post-title":"","ast-breadcrumbs-content":"","ast-featured-img":"","footer-sml-layout":"","ast-disable-related-posts":"","theme-transparent-header-meta":"","adv-header-id-meta":"","stick-header-meta":"","header-above-stick-meta":"","header-main-stick-meta":"","header-below-stick-meta":"","astra-migrate-meta-layouts":"set","ast-page-background-enabled":"default","ast-page-background-meta":{"desktop":{"background-color":"","background-image":"","background-repeat":"repeat","background-position":"center center","background-size":"auto","background-attachment":"scroll","background-type":"","background-media":"","overlay-type":"","overlay-color":"","overlay-opacity":"","overlay-gradient":""},"tablet":{"background-color":"","background-image":"","background-repeat":"repeat","background-position":"center center","background-size":"auto","background-attachment":"scroll","background-type":"","background-media":"","overlay-type":"","overlay-color":"","overlay-opacity":"","overlay-gradient":""},"mobile":{"background-color":"","background-image":"","background-repeat":"repeat","background-position":"center center","background-size":"auto","background-attachment":"scroll","background-type":"","background-media":"","overlay-type":"","overlay-color":"","overlay-opacity":"","overlay-gradient":""}},"ast-content-background-meta":{"desktop":{"background-color":"var(--ast-global-color-5)","background-image":"","background-repeat":"repeat","background-position":"center center","background-size":"auto","background-attachment":"scroll","background-type":"","background-media":"","overlay-type":"","overlay-color":"","overlay-opacity":"","overlay-gradient":""},"tablet":{"background-color":"var(--ast-global-color-5)","background-image":"","background-repeat":"repeat","background-position":"center center","background-size":"auto","background-attachment":"scroll","background-type":"","background-media":"","overlay-type":"","overlay-color":"","overlay-opacity":"","overlay-gradient":""},"mobile":{"background-color":"var(--ast-global-color-5)","background-image":"","background-repeat":"repeat","background-position":"center center","background-size":"auto","background-attachment":"scroll","background-type":"","background-media":"","overlay-type":"","overlay-color":"","overlay-opacity":"","overlay-gradient":""}},"pgc_sgb_lightbox_settings":"","footnotes":""},"class_list":["post-7243","page","type-page","status-publish","hentry"],"aioseo_notices":[],"_links":{"self":[{"href":"https:\/\/tfk-berlin.de\/index.php?rest_route=\/wp\/v2\/pages\/7243","targetHints":{"allow":["GET"]}}],"collection":[{"href":"https:\/\/tfk-berlin.de\/index.php?rest_route=\/wp\/v2\/pages"}],"about":[{"href":"https:\/\/tfk-berlin.de\/index.php?rest_route=\/wp\/v2\/types\/page"}],"author":[{"embeddable":true,"href":"https:\/\/tfk-berlin.de\/index.php?rest_route=\/wp\/v2\/users\/1"}],"replies":[{"embeddable":true,"href":"https:\/\/tfk-berlin.de\/index.php?rest_route=%2Fwp%2Fv2%2Fcomments&post=7243"}],"version-history":[{"count":3,"href":"https:\/\/tfk-berlin.de\/index.php?rest_route=\/wp\/v2\/pages\/7243\/revisions"}],"predecessor-version":[{"id":7259,"href":"https:\/\/tfk-berlin.de\/index.php?rest_route=\/wp\/v2\/pages\/7243\/revisions\/7259"}],"wp:attachment":[{"href":"https:\/\/tfk-berlin.de\/index.php?rest_route=%2Fwp%2Fv2%2Fmedia&parent=7243"}],"curies":[{"name":"wp","href":"https:\/\/api.w.org\/{rel}","templated":true}]}}