{"id":8,"date":"2021-02-18T18:51:44","date_gmt":"2021-02-18T17:51:44","guid":{"rendered":"https:\/\/tfk-berlin.de\/neu\/?page_id=8"},"modified":"2026-04-26T21:09:14","modified_gmt":"2026-04-26T19:09:14","slug":"herzlich-willkommen","status":"publish","type":"page","link":"https:\/\/tfk-berlin.de\/","title":{"rendered":"Aktuell im tfk"},"content":{"rendered":"\n<figure class=\"wp-block-image size-large\"><a href=\"https:\/\/tfk-berlin.de\/?page_id=7093\"><img loading=\"lazy\" decoding=\"async\" width=\"819\" height=\"1024\" src=\"https:\/\/tfk-berlin.de\/neu\/wp-content\/uploads\/2026\/03\/Der-Grosse-und_image0-819x1024.jpg\" alt=\"\" class=\"wp-image-7183\" srcset=\"https:\/\/tfk-berlin.de\/neu\/wp-content\/uploads\/2026\/03\/Der-Grosse-und_image0-819x1024.jpg 819w, https:\/\/tfk-berlin.de\/neu\/wp-content\/uploads\/2026\/03\/Der-Grosse-und_image0-240x300.jpg 240w, https:\/\/tfk-berlin.de\/neu\/wp-content\/uploads\/2026\/03\/Der-Grosse-und_image0-768x960.jpg 768w, https:\/\/tfk-berlin.de\/neu\/wp-content\/uploads\/2026\/03\/Der-Grosse-und_image0.jpg 1080w\" sizes=\"auto, (max-width: 819px) 100vw, 819px\" \/><\/a><\/figure>\n\n\n\n<p><\/p>\n\n\n\n<p><strong><a href=\"https:\/\/tfk-berlin.de\/?page_id=7093\" title=\"Der Gro\u00dfe und die Kleine\">Der Gro\u00dfe und die Kleine<\/a><\/strong><br>Musiktheater \u00fcber Mut, Freundschaft<br>und das Wunder, gemeinsam stark zu sein<br>f\u00fcr Kinder von 4 bis 9 Jahren<br>Gastspiel<br>Internationales Berliner Drama Theater<br><em>in russischer Sprache<\/em><\/p>\n\n\n\n<p>FR \u2013 01.05.2026 \u2013 12.00 Uhr (Premiere)<br>SA \u2013 02.05.2026 \u2013 12.00 Uhr<br>SO \u2013 03.05.2026 \u2013 15.00 Uhr<\/p>\n\n\n\n<p>Tickets an der Kasse: 20 \u20ac<\/p>\n\n\n\n<p><a href=\"https:\/\/www.eventim-light.com\/de\/a\/6716552205a8d6717b3a8967\/s\/69c04fd05f39760760553dc5\" target=\"_blank\" rel=\"noopener\" title=\"\">Tickets bei Eventim<\/a><\/p>\n\n\n\n<p><a href=\"https:\/\/tfk-berlin.de\/?page_id=7093\" title=\"Der Gro\u00dfe und die Kleine\">Weitere Infos zu diesem Gastspiel<\/a><\/p>\n\n\n\n<p><a href=\"https:\/\/tfk-berlin.de\/?page_id=43\" title=\"Karten reservieren\">Karten reservieren<\/a><br><a href=\"https:\/\/tfk-berlin.de\/?page_id=10\" title=\"Spielplan\">Zum Spielplan<\/a><\/p>\n\n\n\n<figure class=\"wp-block-image size-full is-resized\"><a href=\"https:\/\/www.berlin.de\/sen\/kultur\/\" target=\"_blank\" rel=\"noreferrer noopener\"><img loading=\"lazy\" decoding=\"async\" width=\"600\" height=\"350\" src=\"https:\/\/tfk-berlin.de\/neu\/wp-content\/uploads\/2022\/10\/bsen.jpg\" alt=\"\" class=\"wp-image-3704\" style=\"width:419px;height:244px\" srcset=\"https:\/\/tfk-berlin.de\/neu\/wp-content\/uploads\/2022\/10\/bsen.jpg 600w, https:\/\/tfk-berlin.de\/neu\/wp-content\/uploads\/2022\/10\/bsen-300x175.jpg 300w\" sizes=\"auto, (max-width: 600px) 100vw, 600px\" \/><\/a><\/figure>\n","protected":false},"excerpt":{"rendered":"<p>Der Gro\u00dfe und die KleineMusiktheater \u00fcber Mut, Freundschaftund das Wunder, gemeinsam stark zu seinf\u00fcr Kinder von 4 bis 9 JahrenGastspielInternationales Berliner Drama Theaterin russischer Sprache FR \u2013 01.05.2026 \u2013 12.00 Uhr (Premiere)SA \u2013 02.05.2026 \u2013 12.00 UhrSO \u2013 03.05.2026 \u2013 15.00 Uhr Tickets an der Kasse: 20 \u20ac Tickets bei Eventim Weitere Infos zu diesem [&hellip;]<\/p>\n","protected":false},"author":1,"featured_media":0,"parent":0,"menu_order":0,"comment_status":"closed","ping_status":"closed","template":"","meta":{"site-sidebar-layout":"default","site-content-layout":"default","ast-site-content-layout":"default","site-content-style":"default","site-sidebar-style":"default","ast-global-header-display":"","ast-banner-title-visibility":"","ast-main-header-display":"","ast-hfb-above-header-display":"","ast-hfb-below-header-display":"","ast-hfb-mobile-header-display":"","site-post-title":"","ast-breadcrumbs-content":"","ast-featured-img":"","footer-sml-layout":"","ast-disable-related-posts":"","theme-transparent-header-meta":"default","adv-header-id-meta":"","stick-header-meta":"default","header-above-stick-meta":"","header-main-stick-meta":"","header-below-stick-meta":"","astra-migrate-meta-layouts":"set","ast-page-background-enabled":"default","ast-page-background-meta":{"desktop":{"background-color":"","background-image":"","background-repeat":"repeat","background-position":"center center","background-size":"auto","background-attachment":"scroll","background-type":"","background-media":"","overlay-type":"","overlay-color":"","overlay-opacity":"","overlay-gradient":""},"tablet":{"background-color":"","background-image":"","background-repeat":"repeat","background-position":"center center","background-size":"auto","background-attachment":"scroll","background-type":"","background-media":"","overlay-type":"","overlay-color":"","overlay-opacity":"","overlay-gradient":""},"mobile":{"background-color":"","background-image":"","background-repeat":"repeat","background-position":"center center","background-size":"auto","background-attachment":"scroll","background-type":"","background-media":"","overlay-type":"","overlay-color":"","overlay-opacity":"","overlay-gradient":""}},"ast-content-background-meta":{"desktop":{"background-color":"var(--ast-global-color-5)","background-image":"","background-repeat":"repeat","background-position":"center center","background-size":"auto","background-attachment":"scroll","background-type":"","background-media":"","overlay-type":"","overlay-color":"","overlay-opacity":"","overlay-gradient":""},"tablet":{"background-color":"var(--ast-global-color-5)","background-image":"","background-repeat":"repeat","background-position":"center center","background-size":"auto","background-attachment":"scroll","background-type":"","background-media":"","overlay-type":"","overlay-color":"","overlay-opacity":"","overlay-gradient":""},"mobile":{"background-color":"var(--ast-global-color-5)","background-image":"","background-repeat":"repeat","background-position":"center center","background-size":"auto","background-attachment":"scroll","background-type":"","background-media":"","overlay-type":"","overlay-color":"","overlay-opacity":"","overlay-gradient":""}},"pgc_sgb_lightbox_settings":"","footnotes":""},"class_list":["post-8","page","type-page","status-publish","hentry"],"aioseo_notices":[],"_links":{"self":[{"href":"https:\/\/tfk-berlin.de\/index.php?rest_route=\/wp\/v2\/pages\/8","targetHints":{"allow":["GET"]}}],"collection":[{"href":"https:\/\/tfk-berlin.de\/index.php?rest_route=\/wp\/v2\/pages"}],"about":[{"href":"https:\/\/tfk-berlin.de\/index.php?rest_route=\/wp\/v2\/types\/page"}],"author":[{"embeddable":true,"href":"https:\/\/tfk-berlin.de\/index.php?rest_route=\/wp\/v2\/users\/1"}],"replies":[{"embeddable":true,"href":"https:\/\/tfk-berlin.de\/index.php?rest_route=%2Fwp%2Fv2%2Fcomments&post=8"}],"version-history":[{"count":750,"href":"https:\/\/tfk-berlin.de\/index.php?rest_route=\/wp\/v2\/pages\/8\/revisions"}],"predecessor-version":[{"id":7232,"href":"https:\/\/tfk-berlin.de\/index.php?rest_route=\/wp\/v2\/pages\/8\/revisions\/7232"}],"wp:attachment":[{"href":"https:\/\/tfk-berlin.de\/index.php?rest_route=%2Fwp%2Fv2%2Fmedia&parent=8"}],"curies":[{"name":"wp","href":"https:\/\/api.w.org\/{rel}","templated":true}]}}